{"id":16890,"date":"2018-05-29T10:39:27","date_gmt":"2018-05-29T08:39:27","guid":{"rendered":"https:\/\/www.robisa.es\/events\/workshop-hasselblad-moda-y-publicidad-con-luis-malibran-barcelona\/"},"modified":"2018-06-08T12:20:38","modified_gmt":"2018-06-08T10:20:38","slug":"workshop-hasselblad-moda-y-publicidad-con-luis-malibran-barcelona","status":"publish","type":"ajde_events","link":"https:\/\/www.robisa.es\/pt\/events\/workshop-hasselblad-moda-y-publicidad-con-luis-malibran-barcelona\/","title":{"rendered":"WORKSHOP HASSELBLAD MODA Y PUBLICIDAD CON LUIS MALIBR\u00c1N (BARCELONA)"},"content":{"rendered":"<p>Taller de Moda y Publicidad Malibr\u00e1n en Barcelona\u00a0 en\u00a0 Shoot estudio<\/p>\n<p>Fecha y hora: s\u00e1bado, 9 JUNIO 10:00h a 13:00h<\/p>\n<p>Lugar: Barcelona, <a href=\"http:\/\/www.shoot115.com\/localizacion\/brooklyn-loft\/\">Shoot Studio &#8211; Brooklyn Loft<\/a> &#8211; Consell de Cent 401, Bajos 2\u00aa, 080090, Barcelona<\/p>\n<p>Programa:<br \/>\n<strong>Sesi\u00f3n te\u00f3rica:<\/strong> Fotograf\u00eda de Moda y Publicidad impartida por el fot\u00f3grafo profesional <a href=\"https:\/\/www.robisa.es\/luis-malibran\/\">Luis Malibr\u00e1n<\/a><\/p>\n<p><strong>Sesi\u00f3n pr\u00e1ctica:<\/strong> Los participantes podr\u00e1n probar la nueva X1D de Hasselblad fotografiando una modelo en una localizaci\u00f3n muy especial e inspiradora, el <a href=\"http:\/\/www.shoot115.com\/localizacion\/brooklyn-loft\/\">Brooklyn Loft de Shoot Studio<\/a><\/p>\n<p>Una oportunidad \u00fanica de ver y probar el sistema de formato medio y comprobar sus virtudes en una sesi\u00f3n real de fotograf\u00eda.<\/p>\n<p><strong>Se ruega a los participantes traer una tarjeta SD formateada de alta velocidad<\/strong><\/p>\n<p>*Plazas limitadas.<\/p>\n<p>&nbsp;<\/p>\n<p>&nbsp;<\/p>\n","protected":false},"author":8,"featured_media":0,"menu_order":0,"comment_status":"open","ping_status":"closed","template":"","meta":[],"tags":[221,220,459],"event_type":[],"event_type_2":[],"class_list":["post-16890","ajde_events","type-ajde_events","status-publish","hentry","tag-hasselblad","tag-robisa","tag-workshophasselblad"],"yoast_head":"<!-- This site is optimized with the Yoast SEO plugin v27.5 - https:\/\/yoast.com\/product\/yoast-seo-wordpress\/ -->\n<title>HASSELBLAD WORKSHOP MODA Y PUBLICIDAD, LUIS MALIBR\u00c1N<\/title>\n<meta name=\"description\" content=\"Workshop Hasselblad sobre moda y publicidad con el fot\u00f3grafo profesional Luis Malibr\u00e1n en Barcelona Shoot estudio Fecha y hora: s\u00e1bado, 9 JUNIO 10H30 a 13H30\" \/>\n<meta name=\"robots\" content=\"noindex, follow\" \/>\n<meta property=\"og:locale\" content=\"pt_PT\" \/>\n<meta property=\"og:type\" content=\"article\" \/>\n<meta property=\"og:title\" content=\"HASSELBLAD WORKSHOP MODA Y PUBLICIDAD, LUIS MALIBR\u00c1N\" \/>\n<meta property=\"og:description\" content=\"Workshop Hasselblad sobre moda y publicidad con el fot\u00f3grafo profesional Luis Malibr\u00e1n en Barcelona Shoot estudio Fecha y hora: s\u00e1bado, 9 JUNIO 10H30 a 13H30\" \/>\n<meta property=\"og:url\" content=\"https:\/\/www.robisa.es\/pt\/events\/workshop-hasselblad-moda-y-publicidad-con-luis-malibran-barcelona\/\" \/>\n<meta property=\"og:site_name\" content=\"ROBISA\" \/>\n<meta property=\"article:publisher\" content=\"http:\/\/www.facebook.com\/pages\/ROBISA\/236622023060912\" \/>\n<meta property=\"article:modified_time\" content=\"2018-06-08T10:20:38+00:00\" \/>\n<meta property=\"og:image\" content=\"https:\/\/www.robisa.es\/wp-content\/uploads\/2018\/05\/Luis-Malibran-Hasselblad-Robisa.jpg\" \/>\n\t<meta property=\"og:image:width\" content=\"1200\" \/>\n\t<meta property=\"og:image:height\" content=\"1697\" \/>\n\t<meta property=\"og:image:type\" content=\"image\/jpeg\" \/>\n<meta name=\"twitter:card\" content=\"summary_large_image\" \/>\n<meta name=\"twitter:site\" content=\"@ROBISA\" \/>\n<meta name=\"twitter:label1\" content=\"Est. reading time\" \/>\n\t<meta name=\"twitter:data1\" content=\"1 minute\" \/>\n<script type=\"application\/ld+json\" class=\"yoast-schema-graph\">{\"@context\":\"https:\\\/\\\/schema.org\",\"@graph\":[{\"@type\":\"WebPage\",\"@id\":\"https:\\\/\\\/www.robisa.es\\\/pt\\\/events\\\/workshop-hasselblad-moda-y-publicidad-con-luis-malibran-barcelona\\\/\",\"url\":\"https:\\\/\\\/www.robisa.es\\\/pt\\\/events\\\/workshop-hasselblad-moda-y-publicidad-con-luis-malibran-barcelona\\\/\",\"name\":\"HASSELBLAD WORKSHOP MODA Y PUBLICIDAD, LUIS MALIBR\u00c1N\",\"isPartOf\":{\"@id\":\"https:\\\/\\\/www.robisa.es\\\/pt\\\/#website\"},\"datePublished\":\"2018-05-29T08:39:27+00:00\",\"dateModified\":\"2018-06-08T10:20:38+00:00\",\"description\":\"Workshop Hasselblad sobre moda y publicidad con el fot\u00f3grafo profesional Luis Malibr\u00e1n en Barcelona Shoot estudio Fecha y hora: s\u00e1bado, 9 JUNIO 10H30 a 13H30\",\"breadcrumb\":{\"@id\":\"https:\\\/\\\/www.robisa.es\\\/pt\\\/events\\\/workshop-hasselblad-moda-y-publicidad-con-luis-malibran-barcelona\\\/#breadcrumb\"},\"inLanguage\":\"pt\",\"potentialAction\":[{\"@type\":\"ReadAction\",\"target\":[\"https:\\\/\\\/www.robisa.es\\\/pt\\\/events\\\/workshop-hasselblad-moda-y-publicidad-con-luis-malibran-barcelona\\\/\"]}]},{\"@type\":\"BreadcrumbList\",\"@id\":\"https:\\\/\\\/www.robisa.es\\\/pt\\\/events\\\/workshop-hasselblad-moda-y-publicidad-con-luis-malibran-barcelona\\\/#breadcrumb\",\"itemListElement\":[{\"@type\":\"ListItem\",\"position\":1,\"name\":\"Portada\",\"item\":\"https:\\\/\\\/www.robisa.es\\\/pt\\\/home\\\/\"},{\"@type\":\"ListItem\",\"position\":2,\"name\":\"Events\",\"item\":\"https:\\\/\\\/www.robisa.es\\\/pt\\\/events\\\/\"},{\"@type\":\"ListItem\",\"position\":3,\"name\":\"WORKSHOP HASSELBLAD MODA Y PUBLICIDAD CON LUIS MALIBR\u00c1N (BARCELONA)\"}]},{\"@type\":\"WebSite\",\"@id\":\"https:\\\/\\\/www.robisa.es\\\/pt\\\/#website\",\"url\":\"https:\\\/\\\/www.robisa.es\\\/pt\\\/\",\"name\":\"ROBISA\",\"description\":\"Los mejores productos de fotograf\u00eda para profesionales y particulares con total garant\u00eda\",\"publisher\":{\"@id\":\"https:\\\/\\\/www.robisa.es\\\/pt\\\/#organization\"},\"potentialAction\":[{\"@type\":\"SearchAction\",\"target\":{\"@type\":\"EntryPoint\",\"urlTemplate\":\"https:\\\/\\\/www.robisa.es\\\/pt\\\/?s={search_term_string}\"},\"query-input\":{\"@type\":\"PropertyValueSpecification\",\"valueRequired\":true,\"valueName\":\"search_term_string\"}}],\"inLanguage\":\"pt\"},{\"@type\":\"Organization\",\"@id\":\"https:\\\/\\\/www.robisa.es\\\/pt\\\/#organization\",\"name\":\"Robisa\",\"url\":\"https:\\\/\\\/www.robisa.es\\\/pt\\\/\",\"logo\":{\"@type\":\"ImageObject\",\"inLanguage\":\"pt\",\"@id\":\"https:\\\/\\\/www.robisa.es\\\/pt\\\/#\\\/schema\\\/logo\\\/image\\\/\",\"url\":\"https:\\\/\\\/www.robisa.es\\\/wp-content\\\/uploads\\\/2016\\\/01\\\/robisa-rgb_negro-NEW-02.png\",\"contentUrl\":\"https:\\\/\\\/www.robisa.es\\\/wp-content\\\/uploads\\\/2016\\\/01\\\/robisa-rgb_negro-NEW-02.png\",\"width\":675,\"height\":298,\"caption\":\"Robisa\"},\"image\":{\"@id\":\"https:\\\/\\\/www.robisa.es\\\/pt\\\/#\\\/schema\\\/logo\\\/image\\\/\"},\"sameAs\":[\"http:\\\/\\\/www.facebook.com\\\/pages\\\/ROBISA\\\/236622023060912\",\"https:\\\/\\\/x.com\\\/ROBISA\",\"https:\\\/\\\/www.instagram.com\\\/robisa.es\\\/\",\"https:\\\/\\\/www.linkedin.com\\\/company\\\/rodolfo-biber-s-a-robisa-\",\"http:\\\/\\\/www.youtube.com\\\/user\\\/robisavideos\"]}]}<\/script>\n<!-- \/ Yoast SEO plugin. -->","yoast_head_json":{"title":"HASSELBLAD WORKSHOP MODA Y PUBLICIDAD, LUIS MALIBR\u00c1N","description":"Workshop Hasselblad sobre moda y publicidad con el fot\u00f3grafo profesional Luis Malibr\u00e1n en Barcelona Shoot estudio Fecha y hora: s\u00e1bado, 9 JUNIO 10H30 a 13H30","robots":{"index":"noindex","follow":"follow"},"og_locale":"pt_PT","og_type":"article","og_title":"HASSELBLAD WORKSHOP MODA Y PUBLICIDAD, LUIS MALIBR\u00c1N","og_description":"Workshop Hasselblad sobre moda y publicidad con el fot\u00f3grafo profesional Luis Malibr\u00e1n en Barcelona Shoot estudio Fecha y hora: s\u00e1bado, 9 JUNIO 10H30 a 13H30","og_url":"https:\/\/www.robisa.es\/pt\/events\/workshop-hasselblad-moda-y-publicidad-con-luis-malibran-barcelona\/","og_site_name":"ROBISA","article_publisher":"http:\/\/www.facebook.com\/pages\/ROBISA\/236622023060912","article_modified_time":"2018-06-08T10:20:38+00:00","og_image":[{"width":1200,"height":1697,"url":"https:\/\/www.robisa.es\/wp-content\/uploads\/2018\/05\/Luis-Malibran-Hasselblad-Robisa.jpg","type":"image\/jpeg"}],"twitter_card":"summary_large_image","twitter_site":"@ROBISA","twitter_misc":{"Est. reading time":"1 minute"},"schema":{"@context":"https:\/\/schema.org","@graph":[{"@type":"WebPage","@id":"https:\/\/www.robisa.es\/pt\/events\/workshop-hasselblad-moda-y-publicidad-con-luis-malibran-barcelona\/","url":"https:\/\/www.robisa.es\/pt\/events\/workshop-hasselblad-moda-y-publicidad-con-luis-malibran-barcelona\/","name":"HASSELBLAD WORKSHOP MODA Y PUBLICIDAD, LUIS MALIBR\u00c1N","isPartOf":{"@id":"https:\/\/www.robisa.es\/pt\/#website"},"datePublished":"2018-05-29T08:39:27+00:00","dateModified":"2018-06-08T10:20:38+00:00","description":"Workshop Hasselblad sobre moda y publicidad con el fot\u00f3grafo profesional Luis Malibr\u00e1n en Barcelona Shoot estudio Fecha y hora: s\u00e1bado, 9 JUNIO 10H30 a 13H30","breadcrumb":{"@id":"https:\/\/www.robisa.es\/pt\/events\/workshop-hasselblad-moda-y-publicidad-con-luis-malibran-barcelona\/#breadcrumb"},"inLanguage":"pt","potentialAction":[{"@type":"ReadAction","target":["https:\/\/www.robisa.es\/pt\/events\/workshop-hasselblad-moda-y-publicidad-con-luis-malibran-barcelona\/"]}]},{"@type":"BreadcrumbList","@id":"https:\/\/www.robisa.es\/pt\/events\/workshop-hasselblad-moda-y-publicidad-con-luis-malibran-barcelona\/#breadcrumb","itemListElement":[{"@type":"ListItem","position":1,"name":"Portada","item":"https:\/\/www.robisa.es\/pt\/home\/"},{"@type":"ListItem","position":2,"name":"Events","item":"https:\/\/www.robisa.es\/pt\/events\/"},{"@type":"ListItem","position":3,"name":"WORKSHOP HASSELBLAD MODA Y PUBLICIDAD CON LUIS MALIBR\u00c1N (BARCELONA)"}]},{"@type":"WebSite","@id":"https:\/\/www.robisa.es\/pt\/#website","url":"https:\/\/www.robisa.es\/pt\/","name":"ROBISA","description":"Los mejores productos de fotograf\u00eda para profesionales y particulares con total garant\u00eda","publisher":{"@id":"https:\/\/www.robisa.es\/pt\/#organization"},"potentialAction":[{"@type":"SearchAction","target":{"@type":"EntryPoint","urlTemplate":"https:\/\/www.robisa.es\/pt\/?s={search_term_string}"},"query-input":{"@type":"PropertyValueSpecification","valueRequired":true,"valueName":"search_term_string"}}],"inLanguage":"pt"},{"@type":"Organization","@id":"https:\/\/www.robisa.es\/pt\/#organization","name":"Robisa","url":"https:\/\/www.robisa.es\/pt\/","logo":{"@type":"ImageObject","inLanguage":"pt","@id":"https:\/\/www.robisa.es\/pt\/#\/schema\/logo\/image\/","url":"https:\/\/www.robisa.es\/wp-content\/uploads\/2016\/01\/robisa-rgb_negro-NEW-02.png","contentUrl":"https:\/\/www.robisa.es\/wp-content\/uploads\/2016\/01\/robisa-rgb_negro-NEW-02.png","width":675,"height":298,"caption":"Robisa"},"image":{"@id":"https:\/\/www.robisa.es\/pt\/#\/schema\/logo\/image\/"},"sameAs":["http:\/\/www.facebook.com\/pages\/ROBISA\/236622023060912","https:\/\/x.com\/ROBISA","https:\/\/www.instagram.com\/robisa.es\/","https:\/\/www.linkedin.com\/company\/rodolfo-biber-s-a-robisa-","http:\/\/www.youtube.com\/user\/robisavideos"]}]}},"_links":{"self":[{"href":"https:\/\/www.robisa.es\/pt\/wp-json\/wp\/v2\/ajde_events\/16890","targetHints":{"allow":["GET"]}}],"collection":[{"href":"https:\/\/www.robisa.es\/pt\/wp-json\/wp\/v2\/ajde_events"}],"about":[{"href":"https:\/\/www.robisa.es\/pt\/wp-json\/wp\/v2\/types\/ajde_events"}],"author":[{"embeddable":true,"href":"https:\/\/www.robisa.es\/pt\/wp-json\/wp\/v2\/users\/8"}],"replies":[{"embeddable":true,"href":"https:\/\/www.robisa.es\/pt\/wp-json\/wp\/v2\/comments?post=16890"}],"wp:attachment":[{"href":"https:\/\/www.robisa.es\/pt\/wp-json\/wp\/v2\/media?parent=16890"}],"wp:term":[{"taxonomy":"post_tag","embeddable":true,"href":"https:\/\/www.robisa.es\/pt\/wp-json\/wp\/v2\/tags?post=16890"},{"taxonomy":"event_type","embeddable":true,"href":"https:\/\/www.robisa.es\/pt\/wp-json\/wp\/v2\/event_type?post=16890"},{"taxonomy":"event_type_2","embeddable":true,"href":"https:\/\/www.robisa.es\/pt\/wp-json\/wp\/v2\/event_type_2?post=16890"}],"curies":[{"name":"wp","href":"https:\/\/api.w.org\/{rel}","templated":true}]}}

WORKSHOP HASSELBLAD MODA Y PUBLICIDAD CON LUIS MALIBRÁN (BARCELONA)

<p>Taller de Moda y Publicidad Malibrán en Barcelona  en  Shoot estudio</p>
<p>Fecha y hora: sábado, 9 JUNIO 10:00h a 13:00h</p>
<p>Lugar: Barcelona, <a href="http://www.shoot115.com/localizacion/brooklyn-loft/">Shoot Studio &#8211; Brooklyn Loft</a> &#8211; Consell de Cent 401, Bajos 2ª, 080090, Barcelona</p>
<p>Programa:<br />
<strong>Sesión teórica:</strong> Fotografía de Moda y Publicidad impartida por el fotógrafo profesional <a href="https://www.robisa.es/luis-malibran/">Luis Malibrán</a></p>
<p><strong>Sesión práctica:</strong> Los participantes podrán probar la nueva X1D de Hasselblad fotografiando una modelo en una localización muy especial e inspiradora, el <a href="http://www.shoot115.com/localizacion/brooklyn-loft/">Brooklyn Loft de Shoot Studio</a></p>
<p>Una oportunidad única de ver y probar el sistema de formato medio y comprobar sus virtudes en una sesión real de fotografía.</p>
<p><strong>Se ruega a los participantes traer una tarjeta SD formateada de alta velocidad</strong></p>
<p>*Plazas limitadas.</p>
<p>&nbsp;</p>
<p>&nbsp;</p>

<!-- This site is optimized with the Yoast SEO plugin v27.5 - https://yoast.com/product/yoast-seo-wordpress/ -->
<title>HASSELBLAD WORKSHOP MODA Y PUBLICIDAD, LUIS MALIBRÁN</title>
<meta name="description" content="Workshop Hasselblad sobre moda y publicidad con el fotógrafo profesional Luis Malibrán en Barcelona Shoot estudio Fecha y hora: sábado, 9 JUNIO 10H30 a 13H30" />
<meta name="robots" content="noindex, follow" />
<meta property="og:locale" content="pt_PT" />
<meta property="og:type" content="article" />
<meta property="og:title" content="HASSELBLAD WORKSHOP MODA Y PUBLICIDAD, LUIS MALIBRÁN" />
<meta property="og:description" content="Workshop Hasselblad sobre moda y publicidad con el fotógrafo profesional Luis Malibrán en Barcelona Shoot estudio Fecha y hora: sábado, 9 JUNIO 10H30 a 13H30" />
<meta property="og:url" content="https://www.robisa.es/pt/events/workshop-hasselblad-moda-y-publicidad-con-luis-malibran-barcelona/" />
<meta property="og:site_name" content="ROBISA" />
<meta property="article:publisher" content="http://www.facebook.com/pages/ROBISA/236622023060912" />
<meta property="article:modified_time" content="2018-06-08T10:20:38+00:00" />
<meta property="og:image" content="https://www.robisa.es/wp-content/uploads/2018/05/Luis-Malibran-Hasselblad-Robisa.jpg" />
	<meta property="og:image:width" content="1200" />
	<meta property="og:image:height" content="1697" />
	<meta property="og:image:type" content="image/jpeg" />
<meta name="twitter:card" content="summary_large_image" />
<meta name="twitter:site" content="@ROBISA" />
<meta name="twitter:label1" content="Est. reading time" />
	<meta name="twitter:data1" content="1 minute" />
<script type="application/ld+json" class="yoast-schema-graph">{"@context":"https:\/\/schema.org","@graph":[{"@type":"WebPage","@id":"https:\/\/www.robisa.es\/pt\/events\/workshop-hasselblad-moda-y-publicidad-con-luis-malibran-barcelona\/","url":"https:\/\/www.robisa.es\/pt\/events\/workshop-hasselblad-moda-y-publicidad-con-luis-malibran-barcelona\/","name":"HASSELBLAD WORKSHOP MODA Y PUBLICIDAD, LUIS MALIBRÁN","isPartOf":{"@id":"https:\/\/www.robisa.es\/pt\/#website"},"datePublished":"2018-05-29T08:39:27+00:00","dateModified":"2018-06-08T10:20:38+00:00","description":"Workshop Hasselblad sobre moda y publicidad con el fotógrafo profesional Luis Malibrán en Barcelona Shoot estudio Fecha y hora: sábado, 9 JUNIO 10H30 a 13H30","breadcrumb":{"@id":"https:\/\/www.robisa.es\/pt\/events\/workshop-hasselblad-moda-y-publicidad-con-luis-malibran-barcelona\/#breadcrumb"},"inLanguage":"pt","potentialAction":[{"@type":"ReadAction","target":["https:\/\/www.robisa.es\/pt\/events\/workshop-hasselblad-moda-y-publicidad-con-luis-malibran-barcelona\/"]}]},{"@type":"BreadcrumbList","@id":"https:\/\/www.robisa.es\/pt\/events\/workshop-hasselblad-moda-y-publicidad-con-luis-malibran-barcelona\/#breadcrumb","itemListElement":[{"@type":"ListItem","position":1,"name":"Portada","item":"https:\/\/www.robisa.es\/pt\/home\/"},{"@type":"ListItem","position":2,"name":"Events","item":"https:\/\/www.robisa.es\/pt\/events\/"},{"@type":"ListItem","position":3,"name":"WORKSHOP HASSELBLAD MODA Y PUBLICIDAD CON LUIS MALIBRÁN (BARCELONA)"}]},{"@type":"WebSite","@id":"https:\/\/www.robisa.es\/pt\/#website","url":"https:\/\/www.robisa.es\/pt\/","name":"ROBISA","description":"Los mejores productos de fotografía para profesionales y particulares con total garantía","publisher":{"@id":"https:\/\/www.robisa.es\/pt\/#organization"},"potentialAction":[{"@type":"SearchAction","target":{"@type":"EntryPoint","urlTemplate":"https:\/\/www.robisa.es\/pt\/?s={search_term_string}"},"query-input":{"@type":"PropertyValueSpecification","valueRequired":true,"valueName":"search_term_string"}}],"inLanguage":"pt"},{"@type":"Organization","@id":"https:\/\/www.robisa.es\/pt\/#organization","name":"Robisa","url":"https:\/\/www.robisa.es\/pt\/","logo":{"@type":"ImageObject","inLanguage":"pt","@id":"https:\/\/www.robisa.es\/pt\/#\/schema\/logo\/image\/","url":"https:\/\/www.robisa.es\/wp-content\/uploads\/2016\/01\/robisa-rgb_negro-NEW-02.png","contentUrl":"https:\/\/www.robisa.es\/wp-content\/uploads\/2016\/01\/robisa-rgb_negro-NEW-02.png","width":675,"height":298,"caption":"Robisa"},"image":{"@id":"https:\/\/www.robisa.es\/pt\/#\/schema\/logo\/image\/"},"sameAs":["http:\/\/www.facebook.com\/pages\/ROBISA\/236622023060912","https:\/\/x.com\/ROBISA","https:\/\/www.instagram.com\/robisa.es\/","https:\/\/www.linkedin.com\/company\/rodolfo-biber-s-a-robisa-","http:\/\/www.youtube.com\/user\/robisavideos"]}]}</script>
<!-- / Yoast SEO plugin. -->

HASSELBLAD WORKSHOP MODA Y PUBLICIDAD, LUIS MALIBRÁN

Workshop Hasselblad sobre moda y publicidad con el fotógrafo profesional Luis Malibrán en Barcelona Shoot estudio Fecha y hora: sábado, 9 JUNIO 10H30 a 13H30

Los mejores productos de fotografía para profesionales y particulares con total garantía
