{"id":18411,"date":"2018-09-11T10:18:42","date_gmt":"2018-09-11T08:18:42","guid":{"rendered":"https:\/\/www.robisa.es\/events\/photofestival\/"},"modified":"2018-09-11T10:44:30","modified_gmt":"2018-09-11T08:44:30","slug":"photofestival","status":"publish","type":"ajde_events","link":"https:\/\/www.robisa.es\/pt\/events\/photofestival\/","title":{"rendered":"Photofestival, encuentro para fot\u00f3grafos profesionales"},"content":{"rendered":"<div id=\"id_5b2751f62a7765c99600207\" class=\"text_exposed_root text_exposed\">\n<div class=\"av-special-heading av-special-heading-h4 custom-color-heading blockquote modern-quote modern-centered  avia-builder-el-3  el_before_av_textblock  avia-builder-el-first   av-inherit-size \" style=\"text-align: justify;\">\n<h4 class=\"av-special-heading-tag \">\u00bfQu\u00e9 es Photofestival?<\/h4>\n<p>Es un encuentro en el cual pretendemos reunir a los amantes de la fotograf\u00eda en todas sus vertientes, bien sea profesional, aficionado, o simplemente le guste este arte, siempre con la finalidad de mostrar a \u00e9stos todas las t\u00e9cnicas y elementos disponibles para el perfeccionamiento o mejora. As\u00ed como conocer tambi\u00e9n el flujo de trabajo de los ponentes que acuden al evento.<\/p><\/div>\n<section class=\"av_textblock_section \">\n<div class=\"avia_textblock  \" style=\"text-align: justify;\">Photofestival es una experiencia de 360\u00ba\u00a0a trav\u00e9s de fot\u00f3grafos y medios de alta calidad, en el que se tiene la oportunidad de conocer a\u00a0Premios Nacionales de Fotograf\u00eda, ganadores del\u00a0World Press Photo, aut\u00e9nticos\u00a0gur\u00fas\u00a0medi\u00e1ticos, fot\u00f3grafos emergentes\u2026Ven a vivir la magia de la luz a trav\u00e9s de nuestros objetivos<\/div>\n<div>\n<div class=\"av-special-heading av-special-heading-h4 custom-color-heading blockquote modern-quote modern-centered  avia-builder-el-6  el_before_av_textblock  avia-builder-el-first   av-inherit-size \">\n<h4 class=\"av-special-heading-tag \">\u00bfQu\u00e9 ofrecemos?<\/h4>\n<\/div>\n<section class=\"av_textblock_section \">\n<div class=\"avia_textblock  \">\n<p>El acercamiento a aquellos conocimientos que ser\u00e1n mostrados por profesionales de prestigio. Del mismo modo todas aquellas novedades con respecto a equipos, participaci\u00f3n en actividades, asistencia a conferencias y una gran zona comercial donde las empresas colaboradoras puedan exponer sus productos.<\/p>\n<p>Por ello y por el buen ambiente que se respira aqu\u00ed durante 3 d\u00edas te invitamos a venir, a empaparte de fotograf\u00eda y de buen\u00edsimos amigos.<\/p>\n<p><strong>Vive el Arte, vive Photofestival<\/strong><\/p>\n<p><a href=\"https:\/\/www.facebook.com\/448458338511834\/videos\/1709472172410438\/?t=5\">https:\/\/www.facebook.com\/448458338511834\/videos\/1709472172410438\/?t=5<\/a><\/p>\n<\/div>\n<\/section>\n<\/div>\n<\/section>\n<\/div>\n","protected":false},"author":8,"featured_media":0,"menu_order":0,"comment_status":"open","ping_status":"closed","template":"","meta":[],"tags":[],"event_type":[],"event_type_2":[],"class_list":["post-18411","ajde_events","type-ajde_events","status-publish","hentry"],"yoast_head":"<!-- This site is optimized with the Yoast SEO plugin v27.5 - https:\/\/yoast.com\/product\/yoast-seo-wordpress\/ -->\n<title>Photofestival, encuentro para fot\u00f3grafos profesionales<\/title>\n<meta name=\"description\" content=\"Photofestival es un encuentro en el cual pretendemos reunir a los amantes de la fotograf\u00eda en todas sus vertientes, bien sea profesional o aficionado.\" \/>\n<meta name=\"robots\" content=\"noindex, follow\" \/>\n<meta property=\"og:locale\" content=\"pt_PT\" \/>\n<meta property=\"og:type\" content=\"article\" \/>\n<meta property=\"og:title\" content=\"Photofestival, encuentro para fot\u00f3grafos profesionales\" \/>\n<meta property=\"og:description\" content=\"Photofestival es un encuentro en el cual pretendemos reunir a los amantes de la fotograf\u00eda en todas sus vertientes, bien sea profesional o aficionado.\" \/>\n<meta property=\"og:url\" content=\"https:\/\/www.robisa.es\/pt\/events\/photofestival\/\" \/>\n<meta property=\"og:site_name\" content=\"ROBISA\" \/>\n<meta property=\"article:publisher\" content=\"http:\/\/www.facebook.com\/pages\/ROBISA\/236622023060912\" \/>\n<meta property=\"article:modified_time\" content=\"2018-09-11T08:44:30+00:00\" \/>\n<meta property=\"og:image\" content=\"https:\/\/www.robisa.es\/wp-content\/uploads\/2018\/09\/cartel_pre2018-1030x728.jpg\" \/>\n\t<meta property=\"og:image:width\" content=\"1030\" \/>\n\t<meta property=\"og:image:height\" content=\"728\" \/>\n\t<meta property=\"og:image:type\" content=\"image\/jpeg\" \/>\n<meta name=\"twitter:card\" content=\"summary_large_image\" \/>\n<meta name=\"twitter:site\" content=\"@ROBISA\" \/>\n<meta name=\"twitter:label1\" content=\"Est. reading time\" \/>\n\t<meta name=\"twitter:data1\" content=\"1 minute\" \/>\n<script type=\"application\/ld+json\" class=\"yoast-schema-graph\">{\"@context\":\"https:\\\/\\\/schema.org\",\"@graph\":[{\"@type\":\"WebPage\",\"@id\":\"https:\\\/\\\/www.robisa.es\\\/pt\\\/events\\\/photofestival\\\/\",\"url\":\"https:\\\/\\\/www.robisa.es\\\/pt\\\/events\\\/photofestival\\\/\",\"name\":\"Photofestival, encuentro para fot\u00f3grafos profesionales\",\"isPartOf\":{\"@id\":\"https:\\\/\\\/www.robisa.es\\\/pt\\\/#website\"},\"datePublished\":\"2018-09-11T08:18:42+00:00\",\"dateModified\":\"2018-09-11T08:44:30+00:00\",\"description\":\"Photofestival es un encuentro en el cual pretendemos reunir a los amantes de la fotograf\u00eda en todas sus vertientes, bien sea profesional o aficionado.\",\"breadcrumb\":{\"@id\":\"https:\\\/\\\/www.robisa.es\\\/pt\\\/events\\\/photofestival\\\/#breadcrumb\"},\"inLanguage\":\"pt\",\"potentialAction\":[{\"@type\":\"ReadAction\",\"target\":[\"https:\\\/\\\/www.robisa.es\\\/pt\\\/events\\\/photofestival\\\/\"]}]},{\"@type\":\"BreadcrumbList\",\"@id\":\"https:\\\/\\\/www.robisa.es\\\/pt\\\/events\\\/photofestival\\\/#breadcrumb\",\"itemListElement\":[{\"@type\":\"ListItem\",\"position\":1,\"name\":\"Portada\",\"item\":\"https:\\\/\\\/www.robisa.es\\\/pt\\\/home\\\/\"},{\"@type\":\"ListItem\",\"position\":2,\"name\":\"Events\",\"item\":\"https:\\\/\\\/www.robisa.es\\\/pt\\\/events\\\/\"},{\"@type\":\"ListItem\",\"position\":3,\"name\":\"Photofestival, encuentro para fot\u00f3grafos profesionales\"}]},{\"@type\":\"WebSite\",\"@id\":\"https:\\\/\\\/www.robisa.es\\\/pt\\\/#website\",\"url\":\"https:\\\/\\\/www.robisa.es\\\/pt\\\/\",\"name\":\"ROBISA\",\"description\":\"Los mejores productos de fotograf\u00eda para profesionales y particulares con total garant\u00eda\",\"publisher\":{\"@id\":\"https:\\\/\\\/www.robisa.es\\\/pt\\\/#organization\"},\"potentialAction\":[{\"@type\":\"SearchAction\",\"target\":{\"@type\":\"EntryPoint\",\"urlTemplate\":\"https:\\\/\\\/www.robisa.es\\\/pt\\\/?s={search_term_string}\"},\"query-input\":{\"@type\":\"PropertyValueSpecification\",\"valueRequired\":true,\"valueName\":\"search_term_string\"}}],\"inLanguage\":\"pt\"},{\"@type\":\"Organization\",\"@id\":\"https:\\\/\\\/www.robisa.es\\\/pt\\\/#organization\",\"name\":\"Robisa\",\"url\":\"https:\\\/\\\/www.robisa.es\\\/pt\\\/\",\"logo\":{\"@type\":\"ImageObject\",\"inLanguage\":\"pt\",\"@id\":\"https:\\\/\\\/www.robisa.es\\\/pt\\\/#\\\/schema\\\/logo\\\/image\\\/\",\"url\":\"https:\\\/\\\/www.robisa.es\\\/wp-content\\\/uploads\\\/2016\\\/01\\\/robisa-rgb_negro-NEW-02.png\",\"contentUrl\":\"https:\\\/\\\/www.robisa.es\\\/wp-content\\\/uploads\\\/2016\\\/01\\\/robisa-rgb_negro-NEW-02.png\",\"width\":675,\"height\":298,\"caption\":\"Robisa\"},\"image\":{\"@id\":\"https:\\\/\\\/www.robisa.es\\\/pt\\\/#\\\/schema\\\/logo\\\/image\\\/\"},\"sameAs\":[\"http:\\\/\\\/www.facebook.com\\\/pages\\\/ROBISA\\\/236622023060912\",\"https:\\\/\\\/x.com\\\/ROBISA\",\"https:\\\/\\\/www.instagram.com\\\/robisa.es\\\/\",\"https:\\\/\\\/www.linkedin.com\\\/company\\\/rodolfo-biber-s-a-robisa-\",\"http:\\\/\\\/www.youtube.com\\\/user\\\/robisavideos\"]}]}<\/script>\n<!-- \/ Yoast SEO plugin. -->","yoast_head_json":{"title":"Photofestival, encuentro para fot\u00f3grafos profesionales","description":"Photofestival es un encuentro en el cual pretendemos reunir a los amantes de la fotograf\u00eda en todas sus vertientes, bien sea profesional o aficionado.","robots":{"index":"noindex","follow":"follow"},"og_locale":"pt_PT","og_type":"article","og_title":"Photofestival, encuentro para fot\u00f3grafos profesionales","og_description":"Photofestival es un encuentro en el cual pretendemos reunir a los amantes de la fotograf\u00eda en todas sus vertientes, bien sea profesional o aficionado.","og_url":"https:\/\/www.robisa.es\/pt\/events\/photofestival\/","og_site_name":"ROBISA","article_publisher":"http:\/\/www.facebook.com\/pages\/ROBISA\/236622023060912","article_modified_time":"2018-09-11T08:44:30+00:00","og_image":[{"width":1030,"height":728,"url":"https:\/\/www.robisa.es\/wp-content\/uploads\/2018\/09\/cartel_pre2018-1030x728.jpg","type":"image\/jpeg"}],"twitter_card":"summary_large_image","twitter_site":"@ROBISA","twitter_misc":{"Est. reading time":"1 minute"},"schema":{"@context":"https:\/\/schema.org","@graph":[{"@type":"WebPage","@id":"https:\/\/www.robisa.es\/pt\/events\/photofestival\/","url":"https:\/\/www.robisa.es\/pt\/events\/photofestival\/","name":"Photofestival, encuentro para fot\u00f3grafos profesionales","isPartOf":{"@id":"https:\/\/www.robisa.es\/pt\/#website"},"datePublished":"2018-09-11T08:18:42+00:00","dateModified":"2018-09-11T08:44:30+00:00","description":"Photofestival es un encuentro en el cual pretendemos reunir a los amantes de la fotograf\u00eda en todas sus vertientes, bien sea profesional o aficionado.","breadcrumb":{"@id":"https:\/\/www.robisa.es\/pt\/events\/photofestival\/#breadcrumb"},"inLanguage":"pt","potentialAction":[{"@type":"ReadAction","target":["https:\/\/www.robisa.es\/pt\/events\/photofestival\/"]}]},{"@type":"BreadcrumbList","@id":"https:\/\/www.robisa.es\/pt\/events\/photofestival\/#breadcrumb","itemListElement":[{"@type":"ListItem","position":1,"name":"Portada","item":"https:\/\/www.robisa.es\/pt\/home\/"},{"@type":"ListItem","position":2,"name":"Events","item":"https:\/\/www.robisa.es\/pt\/events\/"},{"@type":"ListItem","position":3,"name":"Photofestival, encuentro para fot\u00f3grafos profesionales"}]},{"@type":"WebSite","@id":"https:\/\/www.robisa.es\/pt\/#website","url":"https:\/\/www.robisa.es\/pt\/","name":"ROBISA","description":"Los mejores productos de fotograf\u00eda para profesionales y particulares con total garant\u00eda","publisher":{"@id":"https:\/\/www.robisa.es\/pt\/#organization"},"potentialAction":[{"@type":"SearchAction","target":{"@type":"EntryPoint","urlTemplate":"https:\/\/www.robisa.es\/pt\/?s={search_term_string}"},"query-input":{"@type":"PropertyValueSpecification","valueRequired":true,"valueName":"search_term_string"}}],"inLanguage":"pt"},{"@type":"Organization","@id":"https:\/\/www.robisa.es\/pt\/#organization","name":"Robisa","url":"https:\/\/www.robisa.es\/pt\/","logo":{"@type":"ImageObject","inLanguage":"pt","@id":"https:\/\/www.robisa.es\/pt\/#\/schema\/logo\/image\/","url":"https:\/\/www.robisa.es\/wp-content\/uploads\/2016\/01\/robisa-rgb_negro-NEW-02.png","contentUrl":"https:\/\/www.robisa.es\/wp-content\/uploads\/2016\/01\/robisa-rgb_negro-NEW-02.png","width":675,"height":298,"caption":"Robisa"},"image":{"@id":"https:\/\/www.robisa.es\/pt\/#\/schema\/logo\/image\/"},"sameAs":["http:\/\/www.facebook.com\/pages\/ROBISA\/236622023060912","https:\/\/x.com\/ROBISA","https:\/\/www.instagram.com\/robisa.es\/","https:\/\/www.linkedin.com\/company\/rodolfo-biber-s-a-robisa-","http:\/\/www.youtube.com\/user\/robisavideos"]}]}},"_links":{"self":[{"href":"https:\/\/www.robisa.es\/pt\/wp-json\/wp\/v2\/ajde_events\/18411","targetHints":{"allow":["GET"]}}],"collection":[{"href":"https:\/\/www.robisa.es\/pt\/wp-json\/wp\/v2\/ajde_events"}],"about":[{"href":"https:\/\/www.robisa.es\/pt\/wp-json\/wp\/v2\/types\/ajde_events"}],"author":[{"embeddable":true,"href":"https:\/\/www.robisa.es\/pt\/wp-json\/wp\/v2\/users\/8"}],"replies":[{"embeddable":true,"href":"https:\/\/www.robisa.es\/pt\/wp-json\/wp\/v2\/comments?post=18411"}],"wp:attachment":[{"href":"https:\/\/www.robisa.es\/pt\/wp-json\/wp\/v2\/media?parent=18411"}],"wp:term":[{"taxonomy":"post_tag","embeddable":true,"href":"https:\/\/www.robisa.es\/pt\/wp-json\/wp\/v2\/tags?post=18411"},{"taxonomy":"event_type","embeddable":true,"href":"https:\/\/www.robisa.es\/pt\/wp-json\/wp\/v2\/event_type?post=18411"},{"taxonomy":"event_type_2","embeddable":true,"href":"https:\/\/www.robisa.es\/pt\/wp-json\/wp\/v2\/event_type_2?post=18411"}],"curies":[{"name":"wp","href":"https:\/\/api.w.org\/{rel}","templated":true}]}}

Photofestival, encuentro para fotógrafos profesionales

<div id="id_5b2751f62a7765c99600207" class="text_exposed_root text_exposed">
<div class="av-special-heading av-special-heading-h4 custom-color-heading blockquote modern-quote modern-centered  avia-builder-el-3  el_before_av_textblock  avia-builder-el-first   av-inherit-size " style="text-align: justify;">
<h4 class="av-special-heading-tag ">¿Qué es Photofestival?</h4>
<p>Es un encuentro en el cual pretendemos reunir a los amantes de la fotografía en todas sus vertientes, bien sea profesional, aficionado, o simplemente le guste este arte, siempre con la finalidad de mostrar a éstos todas las técnicas y elementos disponibles para el perfeccionamiento o mejora. Así como conocer también el flujo de trabajo de los ponentes que acuden al evento.</p></div>
<section class="av_textblock_section ">
<div class="avia_textblock  " style="text-align: justify;">Photofestival es una experiencia de 360º a través de fotógrafos y medios de alta calidad, en el que se tiene la oportunidad de conocer a Premios Nacionales de Fotografía, ganadores del World Press Photo, auténticos gurús mediáticos, fotógrafos emergentes…Ven a vivir la magia de la luz a través de nuestros objetivos</div>
<div>
<div class="av-special-heading av-special-heading-h4 custom-color-heading blockquote modern-quote modern-centered  avia-builder-el-6  el_before_av_textblock  avia-builder-el-first   av-inherit-size ">
<h4 class="av-special-heading-tag ">¿Qué ofrecemos?</h4>
</div>
<section class="av_textblock_section ">
<div class="avia_textblock  ">
<p>El acercamiento a aquellos conocimientos que serán mostrados por profesionales de prestigio. Del mismo modo todas aquellas novedades con respecto a equipos, participación en actividades, asistencia a conferencias y una gran zona comercial donde las empresas colaboradoras puedan exponer sus productos.</p>
<p>Por ello y por el buen ambiente que se respira aquí durante 3 días te invitamos a venir, a empaparte de fotografía y de buenísimos amigos.</p>
<p><strong>Vive el Arte, vive Photofestival</strong></p>
<p><a href="https://www.facebook.com/448458338511834/videos/1709472172410438/?t=5">https://www.facebook.com/448458338511834/videos/1709472172410438/?t=5</a></p>
</div>
</section>
</div>
</section>
</div>

<!-- This site is optimized with the Yoast SEO plugin v27.5 - https://yoast.com/product/yoast-seo-wordpress/ -->
<title>Photofestival, encuentro para fotógrafos profesionales</title>
<meta name="description" content="Photofestival es un encuentro en el cual pretendemos reunir a los amantes de la fotografía en todas sus vertientes, bien sea profesional o aficionado." />
<meta name="robots" content="noindex, follow" />
<meta property="og:locale" content="pt_PT" />
<meta property="og:type" content="article" />
<meta property="og:title" content="Photofestival, encuentro para fotógrafos profesionales" />
<meta property="og:description" content="Photofestival es un encuentro en el cual pretendemos reunir a los amantes de la fotografía en todas sus vertientes, bien sea profesional o aficionado." />
<meta property="og:url" content="https://www.robisa.es/pt/events/photofestival/" />
<meta property="og:site_name" content="ROBISA" />
<meta property="article:publisher" content="http://www.facebook.com/pages/ROBISA/236622023060912" />
<meta property="article:modified_time" content="2018-09-11T08:44:30+00:00" />
<meta property="og:image" content="https://www.robisa.es/wp-content/uploads/2018/09/cartel_pre2018-1030x728.jpg" />
	<meta property="og:image:width" content="1030" />
	<meta property="og:image:height" content="728" />
	<meta property="og:image:type" content="image/jpeg" />
<meta name="twitter:card" content="summary_large_image" />
<meta name="twitter:site" content="@ROBISA" />
<meta name="twitter:label1" content="Est. reading time" />
	<meta name="twitter:data1" content="1 minute" />
<script type="application/ld+json" class="yoast-schema-graph">{"@context":"https:\/\/schema.org","@graph":[{"@type":"WebPage","@id":"https:\/\/www.robisa.es\/pt\/events\/photofestival\/","url":"https:\/\/www.robisa.es\/pt\/events\/photofestival\/","name":"Photofestival, encuentro para fotógrafos profesionales","isPartOf":{"@id":"https:\/\/www.robisa.es\/pt\/#website"},"datePublished":"2018-09-11T08:18:42+00:00","dateModified":"2018-09-11T08:44:30+00:00","description":"Photofestival es un encuentro en el cual pretendemos reunir a los amantes de la fotografía en todas sus vertientes, bien sea profesional o aficionado.","breadcrumb":{"@id":"https:\/\/www.robisa.es\/pt\/events\/photofestival\/#breadcrumb"},"inLanguage":"pt","potentialAction":[{"@type":"ReadAction","target":["https:\/\/www.robisa.es\/pt\/events\/photofestival\/"]}]},{"@type":"BreadcrumbList","@id":"https:\/\/www.robisa.es\/pt\/events\/photofestival\/#breadcrumb","itemListElement":[{"@type":"ListItem","position":1,"name":"Portada","item":"https:\/\/www.robisa.es\/pt\/home\/"},{"@type":"ListItem","position":2,"name":"Events","item":"https:\/\/www.robisa.es\/pt\/events\/"},{"@type":"ListItem","position":3,"name":"Photofestival, encuentro para fotógrafos profesionales"}]},{"@type":"WebSite","@id":"https:\/\/www.robisa.es\/pt\/#website","url":"https:\/\/www.robisa.es\/pt\/","name":"ROBISA","description":"Los mejores productos de fotografía para profesionales y particulares con total garantía","publisher":{"@id":"https:\/\/www.robisa.es\/pt\/#organization"},"potentialAction":[{"@type":"SearchAction","target":{"@type":"EntryPoint","urlTemplate":"https:\/\/www.robisa.es\/pt\/?s={search_term_string}"},"query-input":{"@type":"PropertyValueSpecification","valueRequired":true,"valueName":"search_term_string"}}],"inLanguage":"pt"},{"@type":"Organization","@id":"https:\/\/www.robisa.es\/pt\/#organization","name":"Robisa","url":"https:\/\/www.robisa.es\/pt\/","logo":{"@type":"ImageObject","inLanguage":"pt","@id":"https:\/\/www.robisa.es\/pt\/#\/schema\/logo\/image\/","url":"https:\/\/www.robisa.es\/wp-content\/uploads\/2016\/01\/robisa-rgb_negro-NEW-02.png","contentUrl":"https:\/\/www.robisa.es\/wp-content\/uploads\/2016\/01\/robisa-rgb_negro-NEW-02.png","width":675,"height":298,"caption":"Robisa"},"image":{"@id":"https:\/\/www.robisa.es\/pt\/#\/schema\/logo\/image\/"},"sameAs":["http:\/\/www.facebook.com\/pages\/ROBISA\/236622023060912","https:\/\/x.com\/ROBISA","https:\/\/www.instagram.com\/robisa.es\/","https:\/\/www.linkedin.com\/company\/rodolfo-biber-s-a-robisa-","http:\/\/www.youtube.com\/user\/robisavideos"]}]}</script>
<!-- / Yoast SEO plugin. -->

Photofestival es un encuentro en el cual pretendemos reunir a los amantes de la fotografía en todas sus vertientes, bien sea profesional o aficionado.

Los mejores productos de fotografía para profesionales y particulares con total garantía
