{"id":18991,"date":"2018-09-19T09:05:58","date_gmt":"2018-09-19T07:05:58","guid":{"rendered":"https:\/\/www.robisa.es\/events\/taller-fotografico-amanecer-en-veta-la-palma-donana\/"},"modified":"2018-09-19T09:25:39","modified_gmt":"2018-09-19T07:25:39","slug":"taller-fotografico-amanecer-en-veta-la-palma-donana","status":"publish","type":"ajde_events","link":"https:\/\/www.robisa.es\/pt\/events\/taller-fotografico-amanecer-en-veta-la-palma-donana\/","title":{"rendered":"Taller fotogr\u00e1fico amanecer en Veta la Palma Do\u00f1ana"},"content":{"rendered":"<p style=\"text-align: justify;\">Taller de fotograf\u00eda en Veta\u00a0 la\u00a0 Palma, un entorno \u00fanico para poder disfrutar de la belleza y magia de la naturaleza en Do\u00f1ana, todo ello organizado por <a href=\"https:\/\/www.martin-iglesias.com\/es\/\">Martin Iglesias<\/a> y con el patrocinio de <a href=\"https:\/\/www.robisa.es\/tamron\/\">Tamron<\/a>.<\/p>\n<p style=\"text-align: justify;\">Los asistentes podr\u00e1n probar el <a href=\"https:\/\/www.robisa.es\/sp-150-600mm-f-5-6-3-di-vc-usd-g2\/\">Tamron SP 150-600mm G2<\/a>\u00a0objetivo ultra telefoto con rendimiento \u00f3ptico mejorado permite disparar c\u00e1mara en mano con una extraordinaria definici\u00f3n.\u00a0 \u00a0A su vez tambi\u00e9n podr\u00e1n probar el nuevo <a href=\"https:\/\/www.robisa.es\/100-400mm-f-4-5-6-3-di-vc-usd\/\">Tamron\u00a0 100-400mm<\/a> un objetivo ideal para descubrir la Veta la Palma por su ligereza y por su distancia focal, ambos objetivos para c\u00e1maras con sensores fullframe.<\/p>\n<p style=\"text-align: justify;\">Para los usuarios de c\u00e1maras con sensores APS-C los asistentes a este taller podr\u00e1n probar el zoom de viajes por excelencia, el <a href=\"https:\/\/www.robisa.es\/tamron-18-400mm-f-3-5-6-3-di-ii-vc-hld\/\">Tamron 18-400mm<\/a>\u00a0el primer objetivo zoom ultratelefoto todo en uno del mundo para el formato APS-C. Con una distancia focal de 18-400 mm y un zoom 22.2x. Posee un rango de ultratelefoto equivalente a 620 mm en formato 35 mm ideal para el entorno d\u00f3nde se desarrolla el taller.<\/p>\n<p>S\u00e1bado d\u00eda 22 de septiembre 2018<\/p>\n<p>Veta la Palma, Do\u00f1ana<\/p>\n<p>&nbsp;<\/p>\n<p>&nbsp;<\/p>\n<p>&nbsp;<\/p>\n","protected":false},"author":8,"featured_media":0,"menu_order":0,"comment_status":"open","ping_status":"closed","template":"","meta":[],"tags":[],"event_type":[],"event_type_2":[],"class_list":["post-18991","ajde_events","type-ajde_events","status-publish","hentry"],"yoast_head":"<!-- This site is optimized with the Yoast SEO plugin v27.5 - https:\/\/yoast.com\/product\/yoast-seo-wordpress\/ -->\n<title>Taller fotogr\u00e1fico amanecer en Veta la Palma Do\u00f1ana<\/title>\n<meta name=\"description\" content=\"Taller de fotograf\u00eda en Veta\u00a0 la\u00a0 Palma, un entorno \u00fanico para poder disfrutar de la belleza y magia de la naturaleza en Do\u00f1ana, con el patrocinio de Tamron.\" \/>\n<meta name=\"robots\" content=\"noindex, follow\" \/>\n<meta property=\"og:locale\" content=\"pt_PT\" \/>\n<meta property=\"og:type\" content=\"article\" \/>\n<meta property=\"og:title\" content=\"Taller fotogr\u00e1fico amanecer en Veta la Palma Do\u00f1ana\" \/>\n<meta property=\"og:description\" content=\"Taller de fotograf\u00eda en Veta\u00a0 la\u00a0 Palma, un entorno \u00fanico para poder disfrutar de la belleza y magia de la naturaleza en Do\u00f1ana, con el patrocinio de Tamron.\" \/>\n<meta property=\"og:url\" content=\"https:\/\/www.robisa.es\/pt\/events\/taller-fotografico-amanecer-en-veta-la-palma-donana\/\" \/>\n<meta property=\"og:site_name\" content=\"ROBISA\" \/>\n<meta property=\"article:publisher\" content=\"http:\/\/www.facebook.com\/pages\/ROBISA\/236622023060912\" \/>\n<meta property=\"article:modified_time\" content=\"2018-09-19T07:25:39+00:00\" \/>\n<meta property=\"og:image\" content=\"https:\/\/www.robisa.es\/wp-content\/uploads\/2018\/09\/2018.09.22_Taller-Veta-la-Palma-Tamron.jpg\" \/>\n\t<meta property=\"og:image:width\" content=\"900\" \/>\n\t<meta property=\"og:image:height\" content=\"1273\" \/>\n\t<meta property=\"og:image:type\" content=\"image\/jpeg\" \/>\n<meta name=\"twitter:card\" content=\"summary_large_image\" \/>\n<meta name=\"twitter:site\" content=\"@ROBISA\" \/>\n<meta name=\"twitter:label1\" content=\"Est. reading time\" \/>\n\t<meta name=\"twitter:data1\" content=\"1 minute\" \/>\n<script type=\"application\/ld+json\" class=\"yoast-schema-graph\">{\"@context\":\"https:\\\/\\\/schema.org\",\"@graph\":[{\"@type\":\"WebPage\",\"@id\":\"https:\\\/\\\/www.robisa.es\\\/pt\\\/events\\\/taller-fotografico-amanecer-en-veta-la-palma-donana\\\/\",\"url\":\"https:\\\/\\\/www.robisa.es\\\/pt\\\/events\\\/taller-fotografico-amanecer-en-veta-la-palma-donana\\\/\",\"name\":\"Taller fotogr\u00e1fico amanecer en Veta la Palma Do\u00f1ana\",\"isPartOf\":{\"@id\":\"https:\\\/\\\/www.robisa.es\\\/pt\\\/#website\"},\"datePublished\":\"2018-09-19T07:05:58+00:00\",\"dateModified\":\"2018-09-19T07:25:39+00:00\",\"description\":\"Taller de fotograf\u00eda en Veta\u00a0 la\u00a0 Palma, un entorno \u00fanico para poder disfrutar de la belleza y magia de la naturaleza en Do\u00f1ana, con el patrocinio de Tamron.\",\"breadcrumb\":{\"@id\":\"https:\\\/\\\/www.robisa.es\\\/pt\\\/events\\\/taller-fotografico-amanecer-en-veta-la-palma-donana\\\/#breadcrumb\"},\"inLanguage\":\"pt\",\"potentialAction\":[{\"@type\":\"ReadAction\",\"target\":[\"https:\\\/\\\/www.robisa.es\\\/pt\\\/events\\\/taller-fotografico-amanecer-en-veta-la-palma-donana\\\/\"]}]},{\"@type\":\"BreadcrumbList\",\"@id\":\"https:\\\/\\\/www.robisa.es\\\/pt\\\/events\\\/taller-fotografico-amanecer-en-veta-la-palma-donana\\\/#breadcrumb\",\"itemListElement\":[{\"@type\":\"ListItem\",\"position\":1,\"name\":\"Portada\",\"item\":\"https:\\\/\\\/www.robisa.es\\\/pt\\\/home\\\/\"},{\"@type\":\"ListItem\",\"position\":2,\"name\":\"Events\",\"item\":\"https:\\\/\\\/www.robisa.es\\\/pt\\\/events\\\/\"},{\"@type\":\"ListItem\",\"position\":3,\"name\":\"Taller fotogr\u00e1fico amanecer en Veta la Palma Do\u00f1ana\"}]},{\"@type\":\"WebSite\",\"@id\":\"https:\\\/\\\/www.robisa.es\\\/pt\\\/#website\",\"url\":\"https:\\\/\\\/www.robisa.es\\\/pt\\\/\",\"name\":\"ROBISA\",\"description\":\"Los mejores productos de fotograf\u00eda para profesionales y particulares con total garant\u00eda\",\"publisher\":{\"@id\":\"https:\\\/\\\/www.robisa.es\\\/pt\\\/#organization\"},\"potentialAction\":[{\"@type\":\"SearchAction\",\"target\":{\"@type\":\"EntryPoint\",\"urlTemplate\":\"https:\\\/\\\/www.robisa.es\\\/pt\\\/?s={search_term_string}\"},\"query-input\":{\"@type\":\"PropertyValueSpecification\",\"valueRequired\":true,\"valueName\":\"search_term_string\"}}],\"inLanguage\":\"pt\"},{\"@type\":\"Organization\",\"@id\":\"https:\\\/\\\/www.robisa.es\\\/pt\\\/#organization\",\"name\":\"Robisa\",\"url\":\"https:\\\/\\\/www.robisa.es\\\/pt\\\/\",\"logo\":{\"@type\":\"ImageObject\",\"inLanguage\":\"pt\",\"@id\":\"https:\\\/\\\/www.robisa.es\\\/pt\\\/#\\\/schema\\\/logo\\\/image\\\/\",\"url\":\"https:\\\/\\\/www.robisa.es\\\/wp-content\\\/uploads\\\/2016\\\/01\\\/robisa-rgb_negro-NEW-02.png\",\"contentUrl\":\"https:\\\/\\\/www.robisa.es\\\/wp-content\\\/uploads\\\/2016\\\/01\\\/robisa-rgb_negro-NEW-02.png\",\"width\":675,\"height\":298,\"caption\":\"Robisa\"},\"image\":{\"@id\":\"https:\\\/\\\/www.robisa.es\\\/pt\\\/#\\\/schema\\\/logo\\\/image\\\/\"},\"sameAs\":[\"http:\\\/\\\/www.facebook.com\\\/pages\\\/ROBISA\\\/236622023060912\",\"https:\\\/\\\/x.com\\\/ROBISA\",\"https:\\\/\\\/www.instagram.com\\\/robisa.es\\\/\",\"https:\\\/\\\/www.linkedin.com\\\/company\\\/rodolfo-biber-s-a-robisa-\",\"http:\\\/\\\/www.youtube.com\\\/user\\\/robisavideos\"]}]}<\/script>\n<!-- \/ Yoast SEO plugin. -->","yoast_head_json":{"title":"Taller fotogr\u00e1fico amanecer en Veta la Palma Do\u00f1ana","description":"Taller de fotograf\u00eda en Veta\u00a0 la\u00a0 Palma, un entorno \u00fanico para poder disfrutar de la belleza y magia de la naturaleza en Do\u00f1ana, con el patrocinio de Tamron.","robots":{"index":"noindex","follow":"follow"},"og_locale":"pt_PT","og_type":"article","og_title":"Taller fotogr\u00e1fico amanecer en Veta la Palma Do\u00f1ana","og_description":"Taller de fotograf\u00eda en Veta\u00a0 la\u00a0 Palma, un entorno \u00fanico para poder disfrutar de la belleza y magia de la naturaleza en Do\u00f1ana, con el patrocinio de Tamron.","og_url":"https:\/\/www.robisa.es\/pt\/events\/taller-fotografico-amanecer-en-veta-la-palma-donana\/","og_site_name":"ROBISA","article_publisher":"http:\/\/www.facebook.com\/pages\/ROBISA\/236622023060912","article_modified_time":"2018-09-19T07:25:39+00:00","og_image":[{"width":900,"height":1273,"url":"https:\/\/www.robisa.es\/wp-content\/uploads\/2018\/09\/2018.09.22_Taller-Veta-la-Palma-Tamron.jpg","type":"image\/jpeg"}],"twitter_card":"summary_large_image","twitter_site":"@ROBISA","twitter_misc":{"Est. reading time":"1 minute"},"schema":{"@context":"https:\/\/schema.org","@graph":[{"@type":"WebPage","@id":"https:\/\/www.robisa.es\/pt\/events\/taller-fotografico-amanecer-en-veta-la-palma-donana\/","url":"https:\/\/www.robisa.es\/pt\/events\/taller-fotografico-amanecer-en-veta-la-palma-donana\/","name":"Taller fotogr\u00e1fico amanecer en Veta la Palma Do\u00f1ana","isPartOf":{"@id":"https:\/\/www.robisa.es\/pt\/#website"},"datePublished":"2018-09-19T07:05:58+00:00","dateModified":"2018-09-19T07:25:39+00:00","description":"Taller de fotograf\u00eda en Veta\u00a0 la\u00a0 Palma, un entorno \u00fanico para poder disfrutar de la belleza y magia de la naturaleza en Do\u00f1ana, con el patrocinio de Tamron.","breadcrumb":{"@id":"https:\/\/www.robisa.es\/pt\/events\/taller-fotografico-amanecer-en-veta-la-palma-donana\/#breadcrumb"},"inLanguage":"pt","potentialAction":[{"@type":"ReadAction","target":["https:\/\/www.robisa.es\/pt\/events\/taller-fotografico-amanecer-en-veta-la-palma-donana\/"]}]},{"@type":"BreadcrumbList","@id":"https:\/\/www.robisa.es\/pt\/events\/taller-fotografico-amanecer-en-veta-la-palma-donana\/#breadcrumb","itemListElement":[{"@type":"ListItem","position":1,"name":"Portada","item":"https:\/\/www.robisa.es\/pt\/home\/"},{"@type":"ListItem","position":2,"name":"Events","item":"https:\/\/www.robisa.es\/pt\/events\/"},{"@type":"ListItem","position":3,"name":"Taller fotogr\u00e1fico amanecer en Veta la Palma Do\u00f1ana"}]},{"@type":"WebSite","@id":"https:\/\/www.robisa.es\/pt\/#website","url":"https:\/\/www.robisa.es\/pt\/","name":"ROBISA","description":"Los mejores productos de fotograf\u00eda para profesionales y particulares con total garant\u00eda","publisher":{"@id":"https:\/\/www.robisa.es\/pt\/#organization"},"potentialAction":[{"@type":"SearchAction","target":{"@type":"EntryPoint","urlTemplate":"https:\/\/www.robisa.es\/pt\/?s={search_term_string}"},"query-input":{"@type":"PropertyValueSpecification","valueRequired":true,"valueName":"search_term_string"}}],"inLanguage":"pt"},{"@type":"Organization","@id":"https:\/\/www.robisa.es\/pt\/#organization","name":"Robisa","url":"https:\/\/www.robisa.es\/pt\/","logo":{"@type":"ImageObject","inLanguage":"pt","@id":"https:\/\/www.robisa.es\/pt\/#\/schema\/logo\/image\/","url":"https:\/\/www.robisa.es\/wp-content\/uploads\/2016\/01\/robisa-rgb_negro-NEW-02.png","contentUrl":"https:\/\/www.robisa.es\/wp-content\/uploads\/2016\/01\/robisa-rgb_negro-NEW-02.png","width":675,"height":298,"caption":"Robisa"},"image":{"@id":"https:\/\/www.robisa.es\/pt\/#\/schema\/logo\/image\/"},"sameAs":["http:\/\/www.facebook.com\/pages\/ROBISA\/236622023060912","https:\/\/x.com\/ROBISA","https:\/\/www.instagram.com\/robisa.es\/","https:\/\/www.linkedin.com\/company\/rodolfo-biber-s-a-robisa-","http:\/\/www.youtube.com\/user\/robisavideos"]}]}},"_links":{"self":[{"href":"https:\/\/www.robisa.es\/pt\/wp-json\/wp\/v2\/ajde_events\/18991","targetHints":{"allow":["GET"]}}],"collection":[{"href":"https:\/\/www.robisa.es\/pt\/wp-json\/wp\/v2\/ajde_events"}],"about":[{"href":"https:\/\/www.robisa.es\/pt\/wp-json\/wp\/v2\/types\/ajde_events"}],"author":[{"embeddable":true,"href":"https:\/\/www.robisa.es\/pt\/wp-json\/wp\/v2\/users\/8"}],"replies":[{"embeddable":true,"href":"https:\/\/www.robisa.es\/pt\/wp-json\/wp\/v2\/comments?post=18991"}],"wp:attachment":[{"href":"https:\/\/www.robisa.es\/pt\/wp-json\/wp\/v2\/media?parent=18991"}],"wp:term":[{"taxonomy":"post_tag","embeddable":true,"href":"https:\/\/www.robisa.es\/pt\/wp-json\/wp\/v2\/tags?post=18991"},{"taxonomy":"event_type","embeddable":true,"href":"https:\/\/www.robisa.es\/pt\/wp-json\/wp\/v2\/event_type?post=18991"},{"taxonomy":"event_type_2","embeddable":true,"href":"https:\/\/www.robisa.es\/pt\/wp-json\/wp\/v2\/event_type_2?post=18991"}],"curies":[{"name":"wp","href":"https:\/\/api.w.org\/{rel}","templated":true}]}}

Taller fotográfico amanecer en Veta la Palma Doñana

<p style="text-align: justify;">Taller de fotografía en Veta  la  Palma, un entorno único para poder disfrutar de la belleza y magia de la naturaleza en Doñana, todo ello organizado por <a href="https://www.martin-iglesias.com/es/">Martin Iglesias</a> y con el patrocinio de <a href="https://www.robisa.es/tamron/">Tamron</a>.</p>
<p style="text-align: justify;">Los asistentes podrán probar el <a href="https://www.robisa.es/sp-150-600mm-f-5-6-3-di-vc-usd-g2/">Tamron SP 150-600mm G2</a> objetivo ultra telefoto con rendimiento óptico mejorado permite disparar cámara en mano con una extraordinaria definición.   A su vez también podrán probar el nuevo <a href="https://www.robisa.es/100-400mm-f-4-5-6-3-di-vc-usd/">Tamron  100-400mm</a> un objetivo ideal para descubrir la Veta la Palma por su ligereza y por su distancia focal, ambos objetivos para cámaras con sensores fullframe.</p>
<p style="text-align: justify;">Para los usuarios de cámaras con sensores APS-C los asistentes a este taller podrán probar el zoom de viajes por excelencia, el <a href="https://www.robisa.es/tamron-18-400mm-f-3-5-6-3-di-ii-vc-hld/">Tamron 18-400mm</a> el primer objetivo zoom ultratelefoto todo en uno del mundo para el formato APS-C. Con una distancia focal de 18-400 mm y un zoom 22.2x. Posee un rango de ultratelefoto equivalente a 620 mm en formato 35 mm ideal para el entorno dónde se desarrolla el taller.</p>
<p>Sábado día 22 de septiembre 2018</p>
<p>Veta la Palma, Doñana</p>
<p>&nbsp;</p>
<p>&nbsp;</p>
<p>&nbsp;</p>

<!-- This site is optimized with the Yoast SEO plugin v27.5 - https://yoast.com/product/yoast-seo-wordpress/ -->
<title>Taller fotográfico amanecer en Veta la Palma Doñana</title>
<meta name="description" content="Taller de fotografía en Veta  la  Palma, un entorno único para poder disfrutar de la belleza y magia de la naturaleza en Doñana, con el patrocinio de Tamron." />
<meta name="robots" content="noindex, follow" />
<meta property="og:locale" content="pt_PT" />
<meta property="og:type" content="article" />
<meta property="og:title" content="Taller fotográfico amanecer en Veta la Palma Doñana" />
<meta property="og:description" content="Taller de fotografía en Veta  la  Palma, un entorno único para poder disfrutar de la belleza y magia de la naturaleza en Doñana, con el patrocinio de Tamron." />
<meta property="og:url" content="https://www.robisa.es/pt/events/taller-fotografico-amanecer-en-veta-la-palma-donana/" />
<meta property="og:site_name" content="ROBISA" />
<meta property="article:publisher" content="http://www.facebook.com/pages/ROBISA/236622023060912" />
<meta property="article:modified_time" content="2018-09-19T07:25:39+00:00" />
<meta property="og:image" content="https://www.robisa.es/wp-content/uploads/2018/09/2018.09.22_Taller-Veta-la-Palma-Tamron.jpg" />
	<meta property="og:image:width" content="900" />
	<meta property="og:image:height" content="1273" />
	<meta property="og:image:type" content="image/jpeg" />
<meta name="twitter:card" content="summary_large_image" />
<meta name="twitter:site" content="@ROBISA" />
<meta name="twitter:label1" content="Est. reading time" />
	<meta name="twitter:data1" content="1 minute" />
<script type="application/ld+json" class="yoast-schema-graph">{"@context":"https:\/\/schema.org","@graph":[{"@type":"WebPage","@id":"https:\/\/www.robisa.es\/pt\/events\/taller-fotografico-amanecer-en-veta-la-palma-donana\/","url":"https:\/\/www.robisa.es\/pt\/events\/taller-fotografico-amanecer-en-veta-la-palma-donana\/","name":"Taller fotográfico amanecer en Veta la Palma Doñana","isPartOf":{"@id":"https:\/\/www.robisa.es\/pt\/#website"},"datePublished":"2018-09-19T07:05:58+00:00","dateModified":"2018-09-19T07:25:39+00:00","description":"Taller de fotografía en Veta  la  Palma, un entorno único para poder disfrutar de la belleza y magia de la naturaleza en Doñana, con el patrocinio de Tamron.","breadcrumb":{"@id":"https:\/\/www.robisa.es\/pt\/events\/taller-fotografico-amanecer-en-veta-la-palma-donana\/#breadcrumb"},"inLanguage":"pt","potentialAction":[{"@type":"ReadAction","target":["https:\/\/www.robisa.es\/pt\/events\/taller-fotografico-amanecer-en-veta-la-palma-donana\/"]}]},{"@type":"BreadcrumbList","@id":"https:\/\/www.robisa.es\/pt\/events\/taller-fotografico-amanecer-en-veta-la-palma-donana\/#breadcrumb","itemListElement":[{"@type":"ListItem","position":1,"name":"Portada","item":"https:\/\/www.robisa.es\/pt\/home\/"},{"@type":"ListItem","position":2,"name":"Events","item":"https:\/\/www.robisa.es\/pt\/events\/"},{"@type":"ListItem","position":3,"name":"Taller fotográfico amanecer en Veta la Palma Doñana"}]},{"@type":"WebSite","@id":"https:\/\/www.robisa.es\/pt\/#website","url":"https:\/\/www.robisa.es\/pt\/","name":"ROBISA","description":"Los mejores productos de fotografía para profesionales y particulares con total garantía","publisher":{"@id":"https:\/\/www.robisa.es\/pt\/#organization"},"potentialAction":[{"@type":"SearchAction","target":{"@type":"EntryPoint","urlTemplate":"https:\/\/www.robisa.es\/pt\/?s={search_term_string}"},"query-input":{"@type":"PropertyValueSpecification","valueRequired":true,"valueName":"search_term_string"}}],"inLanguage":"pt"},{"@type":"Organization","@id":"https:\/\/www.robisa.es\/pt\/#organization","name":"Robisa","url":"https:\/\/www.robisa.es\/pt\/","logo":{"@type":"ImageObject","inLanguage":"pt","@id":"https:\/\/www.robisa.es\/pt\/#\/schema\/logo\/image\/","url":"https:\/\/www.robisa.es\/wp-content\/uploads\/2016\/01\/robisa-rgb_negro-NEW-02.png","contentUrl":"https:\/\/www.robisa.es\/wp-content\/uploads\/2016\/01\/robisa-rgb_negro-NEW-02.png","width":675,"height":298,"caption":"Robisa"},"image":{"@id":"https:\/\/www.robisa.es\/pt\/#\/schema\/logo\/image\/"},"sameAs":["http:\/\/www.facebook.com\/pages\/ROBISA\/236622023060912","https:\/\/x.com\/ROBISA","https:\/\/www.instagram.com\/robisa.es\/","https:\/\/www.linkedin.com\/company\/rodolfo-biber-s-a-robisa-","http:\/\/www.youtube.com\/user\/robisavideos"]}]}</script>
<!-- / Yoast SEO plugin. -->

Taller de fotografía en Veta  la  Palma, un entorno único para poder disfrutar de la belleza y magia de la naturaleza en Doñana, con el patrocinio de Tamron.

Los mejores productos de fotografía para profesionales y particulares con total garantía
