{"id":19286,"date":"2018-10-04T11:57:39","date_gmt":"2018-10-04T09:57:39","guid":{"rendered":"https:\/\/www.robisa.es\/?post_type=ajde_events&#038;p=19286"},"modified":"2018-10-04T12:24:53","modified_gmt":"2018-10-04T10:24:53","slug":"taller-fotografico-costa-asturiana","status":"publish","type":"ajde_events","link":"https:\/\/www.robisa.es\/pt\/events\/taller-fotografico-costa-asturiana\/","title":{"rendered":"Taller fotogr\u00e1fico costa asturiana."},"content":{"rendered":"<p style=\"text-align: justify;\">El d\u00eda 1 de diciembre de 2018, podr\u00e1s asistir a una jornada fotogr\u00e1fica en la costa asturiana.<\/p>\n<p style=\"text-align: justify;\"><a href=\"https:\/\/www.robisa.es\/nestor-rodan\/\">N\u00e9stor Rodan<\/a> y Sergio AbeVilla han pensado que el formato de un solo d\u00eda sin m\u00e1s gastos que la plaza y la comida puede ser asequible a la par que interesante para un gran n\u00famero de aficionados a la fotograf\u00eda. En esta ocasi\u00f3n hemos seleccionado cuidadosamente varias localizaciones en funci\u00f3n de las mareas existentes en esa semana.<\/p>\n<p style=\"text-align: justify;\">Con nosotros podr\u00e1s aprender t\u00e9cnicas de composici\u00f3n, enfoque, calibrado de c\u00e1mara in-situ en funci\u00f3n de las condiciones existentes. Veremos en profundidad el uso de diferentes tipos de filtros que nos permitir\u00e1n salvar cualquier situaci\u00f3n lum\u00ednica que se nos presente.<\/p>\n<p style=\"text-align: justify;\">Las plazas est\u00e1n limitadas a un m\u00e1ximo de 10, siendo una ense\u00f1anza y atenci\u00f3n totalmente personalizada ( 5 alumnos por profesor). Creemos que reduciendo la cantidad de participantes, maximizamos la calidad de la ense\u00f1anza.<\/p>\n<p style=\"text-align: justify;\">Durante la realizaci\u00f3n de la actividad,\u00a0se podr\u00e1n probar los nuevos objetivos angulares de<a href=\"https:\/\/www.robisa.es\/tamron\/\"> Tamron<\/a> en montura Canon y Nikon.<\/p>\n<h4 style=\"text-align: justify;\">Lugar de realizaci\u00f3n:<\/h4>\n<p style=\"text-align: justify;\">&#8211; Costa occidental asturiana ( se informar\u00e1 a los asistentes de las localizaciones y punto de partida).<\/p>\n<h4 style=\"text-align: justify;\">Material necesario:<\/h4>\n<p style=\"text-align: justify;\">&#8211; C\u00e1mara, tripode, disparador, angular, filtros ( si se tienen).<\/p>\n<p style=\"text-align: justify;\">&#8211; Botas de agua o vadeador ( imprescindible), chubasquero.<\/p>\n<h4 style=\"text-align: justify;\">No est\u00e1 incluido en el precio:<\/h4>\n<p style=\"text-align: justify;\">&#8211; Dieta, alojamiento si fuera necesario, y transporte\u00a0 a las localizaciones.<\/p>\n<p style=\"text-align: justify;\">&#8211; Seguro de responsabilidad civil.<\/p>\n<h4 style=\"text-align: justify;\">Precio:<\/h4>\n<p style=\"text-align: justify;\">90 euros\u00a0a pagar en el momento de la reserva, siendo reembolsables hasta una semana antes de la realizaci\u00f3n de la actividad.<\/p>\n","protected":false},"author":8,"featured_media":0,"menu_order":0,"comment_status":"open","ping_status":"closed","template":"","meta":[],"tags":[],"event_type":[],"event_type_2":[],"class_list":["post-19286","ajde_events","type-ajde_events","status-publish","hentry"],"yoast_head":"<!-- This site is optimized with the Yoast SEO plugin v27.5 - https:\/\/yoast.com\/product\/yoast-seo-wordpress\/ -->\n<title>Taller fotografico en la costa asturiana, con N\u00e9stor Rodan y Sergio AbeVilla<\/title>\n<meta name=\"description\" content=\"Taller fotogr\u00e1fico para aprender t\u00e9cnicas de composici\u00f3n, enfoque, calibrado de c\u00e1mara in-situ en funci\u00f3n de las condiciones existentes\" \/>\n<meta name=\"robots\" content=\"noindex, follow\" \/>\n<meta property=\"og:locale\" content=\"pt_PT\" \/>\n<meta property=\"og:type\" content=\"article\" \/>\n<meta property=\"og:title\" content=\"Taller fotografico en la costa asturiana, con N\u00e9stor Rodan y Sergio AbeVilla\" \/>\n<meta property=\"og:description\" content=\"Taller fotogr\u00e1fico para aprender t\u00e9cnicas de composici\u00f3n, enfoque, calibrado de c\u00e1mara in-situ en funci\u00f3n de las condiciones existentes\" \/>\n<meta property=\"og:url\" content=\"https:\/\/www.robisa.es\/pt\/events\/taller-fotografico-costa-asturiana\/\" \/>\n<meta property=\"og:site_name\" content=\"ROBISA\" \/>\n<meta property=\"article:publisher\" content=\"http:\/\/www.facebook.com\/pages\/ROBISA\/236622023060912\" \/>\n<meta property=\"article:modified_time\" content=\"2018-10-04T10:24:53+00:00\" \/>\n<meta property=\"og:image\" content=\"https:\/\/www.robisa.es\/wp-content\/uploads\/2018\/10\/Taller-fotogr\u00e1fico-costa.jpg\" \/>\n\t<meta property=\"og:image:width\" content=\"711\" \/>\n\t<meta property=\"og:image:height\" content=\"960\" \/>\n\t<meta property=\"og:image:type\" content=\"image\/jpeg\" \/>\n<meta name=\"twitter:card\" content=\"summary_large_image\" \/>\n<meta name=\"twitter:site\" content=\"@ROBISA\" \/>\n<meta name=\"twitter:label1\" content=\"Est. reading time\" \/>\n\t<meta name=\"twitter:data1\" content=\"1 minute\" \/>\n<script type=\"application\/ld+json\" class=\"yoast-schema-graph\">{\"@context\":\"https:\\\/\\\/schema.org\",\"@graph\":[{\"@type\":\"WebPage\",\"@id\":\"https:\\\/\\\/www.robisa.es\\\/pt\\\/events\\\/taller-fotografico-costa-asturiana\\\/\",\"url\":\"https:\\\/\\\/www.robisa.es\\\/pt\\\/events\\\/taller-fotografico-costa-asturiana\\\/\",\"name\":\"Taller fotografico en la costa asturiana, con N\u00e9stor Rodan y Sergio AbeVilla\",\"isPartOf\":{\"@id\":\"https:\\\/\\\/www.robisa.es\\\/pt\\\/#website\"},\"datePublished\":\"2018-10-04T09:57:39+00:00\",\"dateModified\":\"2018-10-04T10:24:53+00:00\",\"description\":\"Taller fotogr\u00e1fico para aprender t\u00e9cnicas de composici\u00f3n, enfoque, calibrado de c\u00e1mara in-situ en funci\u00f3n de las condiciones existentes\",\"breadcrumb\":{\"@id\":\"https:\\\/\\\/www.robisa.es\\\/pt\\\/events\\\/taller-fotografico-costa-asturiana\\\/#breadcrumb\"},\"inLanguage\":\"pt\",\"potentialAction\":[{\"@type\":\"ReadAction\",\"target\":[\"https:\\\/\\\/www.robisa.es\\\/pt\\\/events\\\/taller-fotografico-costa-asturiana\\\/\"]}]},{\"@type\":\"BreadcrumbList\",\"@id\":\"https:\\\/\\\/www.robisa.es\\\/pt\\\/events\\\/taller-fotografico-costa-asturiana\\\/#breadcrumb\",\"itemListElement\":[{\"@type\":\"ListItem\",\"position\":1,\"name\":\"Portada\",\"item\":\"https:\\\/\\\/www.robisa.es\\\/pt\\\/home\\\/\"},{\"@type\":\"ListItem\",\"position\":2,\"name\":\"Events\",\"item\":\"https:\\\/\\\/www.robisa.es\\\/pt\\\/events\\\/\"},{\"@type\":\"ListItem\",\"position\":3,\"name\":\"Taller fotogr\u00e1fico costa asturiana.\"}]},{\"@type\":\"WebSite\",\"@id\":\"https:\\\/\\\/www.robisa.es\\\/pt\\\/#website\",\"url\":\"https:\\\/\\\/www.robisa.es\\\/pt\\\/\",\"name\":\"ROBISA\",\"description\":\"Los mejores productos de fotograf\u00eda para profesionales y particulares con total garant\u00eda\",\"publisher\":{\"@id\":\"https:\\\/\\\/www.robisa.es\\\/pt\\\/#organization\"},\"potentialAction\":[{\"@type\":\"SearchAction\",\"target\":{\"@type\":\"EntryPoint\",\"urlTemplate\":\"https:\\\/\\\/www.robisa.es\\\/pt\\\/?s={search_term_string}\"},\"query-input\":{\"@type\":\"PropertyValueSpecification\",\"valueRequired\":true,\"valueName\":\"search_term_string\"}}],\"inLanguage\":\"pt\"},{\"@type\":\"Organization\",\"@id\":\"https:\\\/\\\/www.robisa.es\\\/pt\\\/#organization\",\"name\":\"Robisa\",\"url\":\"https:\\\/\\\/www.robisa.es\\\/pt\\\/\",\"logo\":{\"@type\":\"ImageObject\",\"inLanguage\":\"pt\",\"@id\":\"https:\\\/\\\/www.robisa.es\\\/pt\\\/#\\\/schema\\\/logo\\\/image\\\/\",\"url\":\"https:\\\/\\\/www.robisa.es\\\/wp-content\\\/uploads\\\/2016\\\/01\\\/robisa-rgb_negro-NEW-02.png\",\"contentUrl\":\"https:\\\/\\\/www.robisa.es\\\/wp-content\\\/uploads\\\/2016\\\/01\\\/robisa-rgb_negro-NEW-02.png\",\"width\":675,\"height\":298,\"caption\":\"Robisa\"},\"image\":{\"@id\":\"https:\\\/\\\/www.robisa.es\\\/pt\\\/#\\\/schema\\\/logo\\\/image\\\/\"},\"sameAs\":[\"http:\\\/\\\/www.facebook.com\\\/pages\\\/ROBISA\\\/236622023060912\",\"https:\\\/\\\/x.com\\\/ROBISA\",\"https:\\\/\\\/www.instagram.com\\\/robisa.es\\\/\",\"https:\\\/\\\/www.linkedin.com\\\/company\\\/rodolfo-biber-s-a-robisa-\",\"http:\\\/\\\/www.youtube.com\\\/user\\\/robisavideos\"]}]}<\/script>\n<!-- \/ Yoast SEO plugin. -->","yoast_head_json":{"title":"Taller fotografico en la costa asturiana, con N\u00e9stor Rodan y Sergio AbeVilla","description":"Taller fotogr\u00e1fico para aprender t\u00e9cnicas de composici\u00f3n, enfoque, calibrado de c\u00e1mara in-situ en funci\u00f3n de las condiciones existentes","robots":{"index":"noindex","follow":"follow"},"og_locale":"pt_PT","og_type":"article","og_title":"Taller fotografico en la costa asturiana, con N\u00e9stor Rodan y Sergio AbeVilla","og_description":"Taller fotogr\u00e1fico para aprender t\u00e9cnicas de composici\u00f3n, enfoque, calibrado de c\u00e1mara in-situ en funci\u00f3n de las condiciones existentes","og_url":"https:\/\/www.robisa.es\/pt\/events\/taller-fotografico-costa-asturiana\/","og_site_name":"ROBISA","article_publisher":"http:\/\/www.facebook.com\/pages\/ROBISA\/236622023060912","article_modified_time":"2018-10-04T10:24:53+00:00","og_image":[{"width":711,"height":960,"url":"https:\/\/www.robisa.es\/wp-content\/uploads\/2018\/10\/Taller-fotogr\u00e1fico-costa.jpg","type":"image\/jpeg"}],"twitter_card":"summary_large_image","twitter_site":"@ROBISA","twitter_misc":{"Est. reading time":"1 minute"},"schema":{"@context":"https:\/\/schema.org","@graph":[{"@type":"WebPage","@id":"https:\/\/www.robisa.es\/pt\/events\/taller-fotografico-costa-asturiana\/","url":"https:\/\/www.robisa.es\/pt\/events\/taller-fotografico-costa-asturiana\/","name":"Taller fotografico en la costa asturiana, con N\u00e9stor Rodan y Sergio AbeVilla","isPartOf":{"@id":"https:\/\/www.robisa.es\/pt\/#website"},"datePublished":"2018-10-04T09:57:39+00:00","dateModified":"2018-10-04T10:24:53+00:00","description":"Taller fotogr\u00e1fico para aprender t\u00e9cnicas de composici\u00f3n, enfoque, calibrado de c\u00e1mara in-situ en funci\u00f3n de las condiciones existentes","breadcrumb":{"@id":"https:\/\/www.robisa.es\/pt\/events\/taller-fotografico-costa-asturiana\/#breadcrumb"},"inLanguage":"pt","potentialAction":[{"@type":"ReadAction","target":["https:\/\/www.robisa.es\/pt\/events\/taller-fotografico-costa-asturiana\/"]}]},{"@type":"BreadcrumbList","@id":"https:\/\/www.robisa.es\/pt\/events\/taller-fotografico-costa-asturiana\/#breadcrumb","itemListElement":[{"@type":"ListItem","position":1,"name":"Portada","item":"https:\/\/www.robisa.es\/pt\/home\/"},{"@type":"ListItem","position":2,"name":"Events","item":"https:\/\/www.robisa.es\/pt\/events\/"},{"@type":"ListItem","position":3,"name":"Taller fotogr\u00e1fico costa asturiana."}]},{"@type":"WebSite","@id":"https:\/\/www.robisa.es\/pt\/#website","url":"https:\/\/www.robisa.es\/pt\/","name":"ROBISA","description":"Los mejores productos de fotograf\u00eda para profesionales y particulares con total garant\u00eda","publisher":{"@id":"https:\/\/www.robisa.es\/pt\/#organization"},"potentialAction":[{"@type":"SearchAction","target":{"@type":"EntryPoint","urlTemplate":"https:\/\/www.robisa.es\/pt\/?s={search_term_string}"},"query-input":{"@type":"PropertyValueSpecification","valueRequired":true,"valueName":"search_term_string"}}],"inLanguage":"pt"},{"@type":"Organization","@id":"https:\/\/www.robisa.es\/pt\/#organization","name":"Robisa","url":"https:\/\/www.robisa.es\/pt\/","logo":{"@type":"ImageObject","inLanguage":"pt","@id":"https:\/\/www.robisa.es\/pt\/#\/schema\/logo\/image\/","url":"https:\/\/www.robisa.es\/wp-content\/uploads\/2016\/01\/robisa-rgb_negro-NEW-02.png","contentUrl":"https:\/\/www.robisa.es\/wp-content\/uploads\/2016\/01\/robisa-rgb_negro-NEW-02.png","width":675,"height":298,"caption":"Robisa"},"image":{"@id":"https:\/\/www.robisa.es\/pt\/#\/schema\/logo\/image\/"},"sameAs":["http:\/\/www.facebook.com\/pages\/ROBISA\/236622023060912","https:\/\/x.com\/ROBISA","https:\/\/www.instagram.com\/robisa.es\/","https:\/\/www.linkedin.com\/company\/rodolfo-biber-s-a-robisa-","http:\/\/www.youtube.com\/user\/robisavideos"]}]}},"_links":{"self":[{"href":"https:\/\/www.robisa.es\/pt\/wp-json\/wp\/v2\/ajde_events\/19286","targetHints":{"allow":["GET"]}}],"collection":[{"href":"https:\/\/www.robisa.es\/pt\/wp-json\/wp\/v2\/ajde_events"}],"about":[{"href":"https:\/\/www.robisa.es\/pt\/wp-json\/wp\/v2\/types\/ajde_events"}],"author":[{"embeddable":true,"href":"https:\/\/www.robisa.es\/pt\/wp-json\/wp\/v2\/users\/8"}],"replies":[{"embeddable":true,"href":"https:\/\/www.robisa.es\/pt\/wp-json\/wp\/v2\/comments?post=19286"}],"wp:attachment":[{"href":"https:\/\/www.robisa.es\/pt\/wp-json\/wp\/v2\/media?parent=19286"}],"wp:term":[{"taxonomy":"post_tag","embeddable":true,"href":"https:\/\/www.robisa.es\/pt\/wp-json\/wp\/v2\/tags?post=19286"},{"taxonomy":"event_type","embeddable":true,"href":"https:\/\/www.robisa.es\/pt\/wp-json\/wp\/v2\/event_type?post=19286"},{"taxonomy":"event_type_2","embeddable":true,"href":"https:\/\/www.robisa.es\/pt\/wp-json\/wp\/v2\/event_type_2?post=19286"}],"curies":[{"name":"wp","href":"https:\/\/api.w.org\/{rel}","templated":true}]}}

Taller fotográfico costa asturiana.

<p style="text-align: justify;">El día 1 de diciembre de 2018, podrás asistir a una jornada fotográfica en la costa asturiana.</p>
<p style="text-align: justify;"><a href="https://www.robisa.es/nestor-rodan/">Néstor Rodan</a> y Sergio AbeVilla han pensado que el formato de un solo día sin más gastos que la plaza y la comida puede ser asequible a la par que interesante para un gran número de aficionados a la fotografía. En esta ocasión hemos seleccionado cuidadosamente varias localizaciones en función de las mareas existentes en esa semana.</p>
<p style="text-align: justify;">Con nosotros podrás aprender técnicas de composición, enfoque, calibrado de cámara in-situ en función de las condiciones existentes. Veremos en profundidad el uso de diferentes tipos de filtros que nos permitirán salvar cualquier situación lumínica que se nos presente.</p>
<p style="text-align: justify;">Las plazas están limitadas a un máximo de 10, siendo una enseñanza y atención totalmente personalizada ( 5 alumnos por profesor). Creemos que reduciendo la cantidad de participantes, maximizamos la calidad de la enseñanza.</p>
<p style="text-align: justify;">Durante la realización de la actividad, se podrán probar los nuevos objetivos angulares de<a href="https://www.robisa.es/tamron/"> Tamron</a> en montura Canon y Nikon.</p>
<h4 style="text-align: justify;">Lugar de realización:</h4>
<p style="text-align: justify;">&#8211; Costa occidental asturiana ( se informará a los asistentes de las localizaciones y punto de partida).</p>
<h4 style="text-align: justify;">Material necesario:</h4>
<p style="text-align: justify;">&#8211; Cámara, tripode, disparador, angular, filtros ( si se tienen).</p>
<p style="text-align: justify;">&#8211; Botas de agua o vadeador ( imprescindible), chubasquero.</p>
<h4 style="text-align: justify;">No está incluido en el precio:</h4>
<p style="text-align: justify;">&#8211; Dieta, alojamiento si fuera necesario, y transporte  a las localizaciones.</p>
<p style="text-align: justify;">&#8211; Seguro de responsabilidad civil.</p>
<h4 style="text-align: justify;">Precio:</h4>
<p style="text-align: justify;">90 euros a pagar en el momento de la reserva, siendo reembolsables hasta una semana antes de la realización de la actividad.</p>

<!-- This site is optimized with the Yoast SEO plugin v27.5 - https://yoast.com/product/yoast-seo-wordpress/ -->
<title>Taller fotografico en la costa asturiana, con Néstor Rodan y Sergio AbeVilla</title>
<meta name="description" content="Taller fotográfico para aprender técnicas de composición, enfoque, calibrado de cámara in-situ en función de las condiciones existentes" />
<meta name="robots" content="noindex, follow" />
<meta property="og:locale" content="pt_PT" />
<meta property="og:type" content="article" />
<meta property="og:title" content="Taller fotografico en la costa asturiana, con Néstor Rodan y Sergio AbeVilla" />
<meta property="og:description" content="Taller fotográfico para aprender técnicas de composición, enfoque, calibrado de cámara in-situ en función de las condiciones existentes" />
<meta property="og:url" content="https://www.robisa.es/pt/events/taller-fotografico-costa-asturiana/" />
<meta property="og:site_name" content="ROBISA" />
<meta property="article:publisher" content="http://www.facebook.com/pages/ROBISA/236622023060912" />
<meta property="article:modified_time" content="2018-10-04T10:24:53+00:00" />
<meta property="og:image" content="https://www.robisa.es/wp-content/uploads/2018/10/Taller-fotográfico-costa.jpg" />
	<meta property="og:image:width" content="711" />
	<meta property="og:image:height" content="960" />
	<meta property="og:image:type" content="image/jpeg" />
<meta name="twitter:card" content="summary_large_image" />
<meta name="twitter:site" content="@ROBISA" />
<meta name="twitter:label1" content="Est. reading time" />
	<meta name="twitter:data1" content="1 minute" />
<script type="application/ld+json" class="yoast-schema-graph">{"@context":"https:\/\/schema.org","@graph":[{"@type":"WebPage","@id":"https:\/\/www.robisa.es\/pt\/events\/taller-fotografico-costa-asturiana\/","url":"https:\/\/www.robisa.es\/pt\/events\/taller-fotografico-costa-asturiana\/","name":"Taller fotografico en la costa asturiana, con Néstor Rodan y Sergio AbeVilla","isPartOf":{"@id":"https:\/\/www.robisa.es\/pt\/#website"},"datePublished":"2018-10-04T09:57:39+00:00","dateModified":"2018-10-04T10:24:53+00:00","description":"Taller fotográfico para aprender técnicas de composición, enfoque, calibrado de cámara in-situ en función de las condiciones existentes","breadcrumb":{"@id":"https:\/\/www.robisa.es\/pt\/events\/taller-fotografico-costa-asturiana\/#breadcrumb"},"inLanguage":"pt","potentialAction":[{"@type":"ReadAction","target":["https:\/\/www.robisa.es\/pt\/events\/taller-fotografico-costa-asturiana\/"]}]},{"@type":"BreadcrumbList","@id":"https:\/\/www.robisa.es\/pt\/events\/taller-fotografico-costa-asturiana\/#breadcrumb","itemListElement":[{"@type":"ListItem","position":1,"name":"Portada","item":"https:\/\/www.robisa.es\/pt\/home\/"},{"@type":"ListItem","position":2,"name":"Events","item":"https:\/\/www.robisa.es\/pt\/events\/"},{"@type":"ListItem","position":3,"name":"Taller fotográfico costa asturiana."}]},{"@type":"WebSite","@id":"https:\/\/www.robisa.es\/pt\/#website","url":"https:\/\/www.robisa.es\/pt\/","name":"ROBISA","description":"Los mejores productos de fotografía para profesionales y particulares con total garantía","publisher":{"@id":"https:\/\/www.robisa.es\/pt\/#organization"},"potentialAction":[{"@type":"SearchAction","target":{"@type":"EntryPoint","urlTemplate":"https:\/\/www.robisa.es\/pt\/?s={search_term_string}"},"query-input":{"@type":"PropertyValueSpecification","valueRequired":true,"valueName":"search_term_string"}}],"inLanguage":"pt"},{"@type":"Organization","@id":"https:\/\/www.robisa.es\/pt\/#organization","name":"Robisa","url":"https:\/\/www.robisa.es\/pt\/","logo":{"@type":"ImageObject","inLanguage":"pt","@id":"https:\/\/www.robisa.es\/pt\/#\/schema\/logo\/image\/","url":"https:\/\/www.robisa.es\/wp-content\/uploads\/2016\/01\/robisa-rgb_negro-NEW-02.png","contentUrl":"https:\/\/www.robisa.es\/wp-content\/uploads\/2016\/01\/robisa-rgb_negro-NEW-02.png","width":675,"height":298,"caption":"Robisa"},"image":{"@id":"https:\/\/www.robisa.es\/pt\/#\/schema\/logo\/image\/"},"sameAs":["http:\/\/www.facebook.com\/pages\/ROBISA\/236622023060912","https:\/\/x.com\/ROBISA","https:\/\/www.instagram.com\/robisa.es\/","https:\/\/www.linkedin.com\/company\/rodolfo-biber-s-a-robisa-","http:\/\/www.youtube.com\/user\/robisavideos"]}]}</script>
<!-- / Yoast SEO plugin. -->

Taller fotografico en la costa asturiana, con Néstor Rodan y Sergio AbeVilla

Taller fotográfico para aprender técnicas de composición, enfoque, calibrado de cámara in-situ en función de las condiciones existentes

https://www.robisa.es/wp-content/uploads/2018/10/Taller-fotográfico-costa.jpg

Los mejores productos de fotografía para profesionales y particulares con total garantía
