{"id":30415,"date":"2019-11-13T13:12:45","date_gmt":"2019-11-13T12:12:45","guid":{"rendered":"https:\/\/www.robisa.es\/events\/casanovafw-bcn19-eva-benitez\/"},"modified":"2019-11-13T13:24:33","modified_gmt":"2019-11-13T12:24:33","slug":"casanovafw-bcn19-eva-benitez","status":"publish","type":"ajde_events","link":"https:\/\/www.robisa.es\/pt\/events\/casanovafw-bcn19-eva-benitez\/","title":{"rendered":"Narrativa y emoci\u00f3n. Libertad creativa. Proyectos del XXI"},"content":{"rendered":"<p>&#8220;<strong>Narrativa y emoci\u00f3n. Libertad creativa. Proyectos del XXI<\/strong>&#8221;<\/p>\n<p>Analizar, aprender y producir im\u00e1genes desconociendo los aportes de conocimientos en otros campos nos deja estancados en la norma. Las redes y su inabarcable exceso de informaci\u00f3n, el exceso de producci\u00f3n, las escuelas que no tienen en cuenta la libertad personal, el v\u00e9rtigo del desarrollo tecnol\u00f3gico y el consumo inconexo, la necesidad de comunicaci\u00f3n, de trascender&#8230; Todo esto me da pie a construir un paseo pr\u00e1ctico para acertar con el desarrollo de una nueva fotograf\u00eda emocional creativa de proyectos en los que se exponen las claves iniciales para ello: lenguaje, narrativa visual, emociones: como expresarlas e identificarlas, comunicaci\u00f3n, composici\u00f3n, t\u00e9cnica y materiales. Una puerta a un nuevo per\u00edodo que ya se ha abierto en una nueva generaci\u00f3n.<\/p>\n<p><a href=\"https:\/\/www.casanovafoto.com\/casanovafotoweek\/ponentes.html#147\">Eva Benitez<\/a> debatir\u00e1 con los presentes este tema, que est\u00e1 en el eje de c\u00f3mo adquirir un estilo personal y c\u00f3mo sentir plena libertad de creaci\u00f3n.<\/p>\n<p>Colabora: Tamron.<\/p>\n<p><strong>Lugar<\/strong>: En Casanova Foto Barcelona (Ronda Universitat 35, junto a Pl. Catalunya) y en otras localizaciones cercanas.<\/p>\n<p>Martes, <strong>19 de noviembre<\/strong> de 2019, a las 10h30.<\/p>\n<p>INSCRIPCIONES: <a href=\"https:\/\/www.casanovafoto.com\/casanovafotoweek\/tamron-eva-s-benitez.html\">Narrativa y emoci\u00f3n. Libertad creativa. Proyectos del XXI con Eva S. Ben\u00edtez<\/a><\/p>\n<p>&nbsp;<\/p>\n<p>Esta charla se imparte en el marco de la Casanova Foto Week donde adem\u00e1s tendr\u00e1s la oportunidad de ver de cerca las \u00faltimas novedades y los productos m\u00e1s destacados de cada marca, y de aprovechar las <strong>promociones y ofertas exclusivas<\/strong> que tenemos preparadas. Tambi\u00e9n podr\u00e1s <strong>interactuar directamente con representantes de las principales marcas del sector<\/strong>, a los que podr\u00e1s plantear todas tus dudas y comentarios.<\/p>\n<p>&nbsp;<\/p>\n<p>&nbsp;<\/p>\n<p>&nbsp;<\/p>\n","protected":false},"author":9,"featured_media":0,"menu_order":0,"comment_status":"open","ping_status":"closed","template":"","meta":[],"tags":[],"event_type":[],"event_type_2":[],"class_list":["post-30415","ajde_events","type-ajde_events","status-publish","hentry"],"yoast_head":"<!-- This site is optimized with the Yoast SEO plugin v27.4 - https:\/\/yoast.com\/product\/yoast-seo-wordpress\/ -->\n<title>Narrativa y emoci\u00f3n. Libertad creativa. Proyectos del XXI<\/title>\n<meta name=\"description\" content=\"El desarrollo de una nueva fotograf\u00eda emocional creativa de proyectos en los que se exponen las claves iniciales.\" \/>\n<meta name=\"robots\" content=\"noindex, follow\" \/>\n<meta property=\"og:locale\" content=\"pt_PT\" \/>\n<meta property=\"og:type\" content=\"article\" \/>\n<meta property=\"og:title\" content=\"Narrativa y emoci\u00f3n. Libertad creativa. Proyectos del XXI\" \/>\n<meta property=\"og:description\" content=\"El desarrollo de una nueva fotograf\u00eda emocional creativa de proyectos en los que se exponen las claves iniciales.\" \/>\n<meta property=\"og:url\" content=\"https:\/\/www.robisa.es\/pt\/events\/casanovafw-bcn19-eva-benitez\/\" \/>\n<meta property=\"og:site_name\" content=\"ROBISA\" \/>\n<meta property=\"article:publisher\" content=\"http:\/\/www.facebook.com\/pages\/ROBISA\/236622023060912\" \/>\n<meta property=\"article:modified_time\" content=\"2019-11-13T12:24:33+00:00\" \/>\n<meta property=\"og:image\" content=\"https:\/\/www.robisa.es\/wp-content\/uploads\/2019\/11\/11ju1630_EvaS_Benitez.jpg\" \/>\n\t<meta property=\"og:image:width\" content=\"600\" \/>\n\t<meta property=\"og:image:height\" content=\"600\" \/>\n\t<meta property=\"og:image:type\" content=\"image\/jpeg\" \/>\n<meta name=\"twitter:card\" content=\"summary_large_image\" \/>\n<meta name=\"twitter:site\" content=\"@ROBISA\" \/>\n<meta name=\"twitter:label1\" content=\"Est. reading time\" \/>\n\t<meta name=\"twitter:data1\" content=\"1 minute\" \/>\n<script type=\"application\/ld+json\" class=\"yoast-schema-graph\">{\"@context\":\"https:\\\/\\\/schema.org\",\"@graph\":[{\"@type\":\"WebPage\",\"@id\":\"https:\\\/\\\/www.robisa.es\\\/pt\\\/events\\\/casanovafw-bcn19-eva-benitez\\\/\",\"url\":\"https:\\\/\\\/www.robisa.es\\\/pt\\\/events\\\/casanovafw-bcn19-eva-benitez\\\/\",\"name\":\"Narrativa y emoci\u00f3n. Libertad creativa. Proyectos del XXI\",\"isPartOf\":{\"@id\":\"https:\\\/\\\/www.robisa.es\\\/pt\\\/#website\"},\"datePublished\":\"2019-11-13T12:12:45+00:00\",\"dateModified\":\"2019-11-13T12:24:33+00:00\",\"description\":\"El desarrollo de una nueva fotograf\u00eda emocional creativa de proyectos en los que se exponen las claves iniciales.\",\"breadcrumb\":{\"@id\":\"https:\\\/\\\/www.robisa.es\\\/pt\\\/events\\\/casanovafw-bcn19-eva-benitez\\\/#breadcrumb\"},\"inLanguage\":\"pt\",\"potentialAction\":[{\"@type\":\"ReadAction\",\"target\":[\"https:\\\/\\\/www.robisa.es\\\/pt\\\/events\\\/casanovafw-bcn19-eva-benitez\\\/\"]}]},{\"@type\":\"BreadcrumbList\",\"@id\":\"https:\\\/\\\/www.robisa.es\\\/pt\\\/events\\\/casanovafw-bcn19-eva-benitez\\\/#breadcrumb\",\"itemListElement\":[{\"@type\":\"ListItem\",\"position\":1,\"name\":\"Portada\",\"item\":\"https:\\\/\\\/www.robisa.es\\\/pt\\\/home\\\/\"},{\"@type\":\"ListItem\",\"position\":2,\"name\":\"Events\",\"item\":\"https:\\\/\\\/www.robisa.es\\\/pt\\\/events\\\/\"},{\"@type\":\"ListItem\",\"position\":3,\"name\":\"Narrativa y emoci\u00f3n. Libertad creativa. Proyectos del XXI\"}]},{\"@type\":\"WebSite\",\"@id\":\"https:\\\/\\\/www.robisa.es\\\/pt\\\/#website\",\"url\":\"https:\\\/\\\/www.robisa.es\\\/pt\\\/\",\"name\":\"ROBISA\",\"description\":\"Los mejores productos de fotograf\u00eda para profesionales y particulares con total garant\u00eda\",\"publisher\":{\"@id\":\"https:\\\/\\\/www.robisa.es\\\/pt\\\/#organization\"},\"potentialAction\":[{\"@type\":\"SearchAction\",\"target\":{\"@type\":\"EntryPoint\",\"urlTemplate\":\"https:\\\/\\\/www.robisa.es\\\/pt\\\/?s={search_term_string}\"},\"query-input\":{\"@type\":\"PropertyValueSpecification\",\"valueRequired\":true,\"valueName\":\"search_term_string\"}}],\"inLanguage\":\"pt\"},{\"@type\":\"Organization\",\"@id\":\"https:\\\/\\\/www.robisa.es\\\/pt\\\/#organization\",\"name\":\"Robisa\",\"url\":\"https:\\\/\\\/www.robisa.es\\\/pt\\\/\",\"logo\":{\"@type\":\"ImageObject\",\"inLanguage\":\"pt\",\"@id\":\"https:\\\/\\\/www.robisa.es\\\/pt\\\/#\\\/schema\\\/logo\\\/image\\\/\",\"url\":\"https:\\\/\\\/www.robisa.es\\\/wp-content\\\/uploads\\\/2016\\\/01\\\/robisa-rgb_negro-NEW-02.png\",\"contentUrl\":\"https:\\\/\\\/www.robisa.es\\\/wp-content\\\/uploads\\\/2016\\\/01\\\/robisa-rgb_negro-NEW-02.png\",\"width\":675,\"height\":298,\"caption\":\"Robisa\"},\"image\":{\"@id\":\"https:\\\/\\\/www.robisa.es\\\/pt\\\/#\\\/schema\\\/logo\\\/image\\\/\"},\"sameAs\":[\"http:\\\/\\\/www.facebook.com\\\/pages\\\/ROBISA\\\/236622023060912\",\"https:\\\/\\\/x.com\\\/ROBISA\",\"https:\\\/\\\/www.instagram.com\\\/robisa.es\\\/\",\"https:\\\/\\\/www.linkedin.com\\\/company\\\/rodolfo-biber-s-a-robisa-\",\"http:\\\/\\\/www.youtube.com\\\/user\\\/robisavideos\"]}]}<\/script>\n<!-- \/ Yoast SEO plugin. -->","yoast_head_json":{"title":"Narrativa y emoci\u00f3n. Libertad creativa. Proyectos del XXI","description":"El desarrollo de una nueva fotograf\u00eda emocional creativa de proyectos en los que se exponen las claves iniciales.","robots":{"index":"noindex","follow":"follow"},"og_locale":"pt_PT","og_type":"article","og_title":"Narrativa y emoci\u00f3n. Libertad creativa. Proyectos del XXI","og_description":"El desarrollo de una nueva fotograf\u00eda emocional creativa de proyectos en los que se exponen las claves iniciales.","og_url":"https:\/\/www.robisa.es\/pt\/events\/casanovafw-bcn19-eva-benitez\/","og_site_name":"ROBISA","article_publisher":"http:\/\/www.facebook.com\/pages\/ROBISA\/236622023060912","article_modified_time":"2019-11-13T12:24:33+00:00","og_image":[{"width":600,"height":600,"url":"https:\/\/www.robisa.es\/wp-content\/uploads\/2019\/11\/11ju1630_EvaS_Benitez.jpg","type":"image\/jpeg"}],"twitter_card":"summary_large_image","twitter_site":"@ROBISA","twitter_misc":{"Est. reading time":"1 minute"},"schema":{"@context":"https:\/\/schema.org","@graph":[{"@type":"WebPage","@id":"https:\/\/www.robisa.es\/pt\/events\/casanovafw-bcn19-eva-benitez\/","url":"https:\/\/www.robisa.es\/pt\/events\/casanovafw-bcn19-eva-benitez\/","name":"Narrativa y emoci\u00f3n. Libertad creativa. Proyectos del XXI","isPartOf":{"@id":"https:\/\/www.robisa.es\/pt\/#website"},"datePublished":"2019-11-13T12:12:45+00:00","dateModified":"2019-11-13T12:24:33+00:00","description":"El desarrollo de una nueva fotograf\u00eda emocional creativa de proyectos en los que se exponen las claves iniciales.","breadcrumb":{"@id":"https:\/\/www.robisa.es\/pt\/events\/casanovafw-bcn19-eva-benitez\/#breadcrumb"},"inLanguage":"pt","potentialAction":[{"@type":"ReadAction","target":["https:\/\/www.robisa.es\/pt\/events\/casanovafw-bcn19-eva-benitez\/"]}]},{"@type":"BreadcrumbList","@id":"https:\/\/www.robisa.es\/pt\/events\/casanovafw-bcn19-eva-benitez\/#breadcrumb","itemListElement":[{"@type":"ListItem","position":1,"name":"Portada","item":"https:\/\/www.robisa.es\/pt\/home\/"},{"@type":"ListItem","position":2,"name":"Events","item":"https:\/\/www.robisa.es\/pt\/events\/"},{"@type":"ListItem","position":3,"name":"Narrativa y emoci\u00f3n. Libertad creativa. Proyectos del XXI"}]},{"@type":"WebSite","@id":"https:\/\/www.robisa.es\/pt\/#website","url":"https:\/\/www.robisa.es\/pt\/","name":"ROBISA","description":"Los mejores productos de fotograf\u00eda para profesionales y particulares con total garant\u00eda","publisher":{"@id":"https:\/\/www.robisa.es\/pt\/#organization"},"potentialAction":[{"@type":"SearchAction","target":{"@type":"EntryPoint","urlTemplate":"https:\/\/www.robisa.es\/pt\/?s={search_term_string}"},"query-input":{"@type":"PropertyValueSpecification","valueRequired":true,"valueName":"search_term_string"}}],"inLanguage":"pt"},{"@type":"Organization","@id":"https:\/\/www.robisa.es\/pt\/#organization","name":"Robisa","url":"https:\/\/www.robisa.es\/pt\/","logo":{"@type":"ImageObject","inLanguage":"pt","@id":"https:\/\/www.robisa.es\/pt\/#\/schema\/logo\/image\/","url":"https:\/\/www.robisa.es\/wp-content\/uploads\/2016\/01\/robisa-rgb_negro-NEW-02.png","contentUrl":"https:\/\/www.robisa.es\/wp-content\/uploads\/2016\/01\/robisa-rgb_negro-NEW-02.png","width":675,"height":298,"caption":"Robisa"},"image":{"@id":"https:\/\/www.robisa.es\/pt\/#\/schema\/logo\/image\/"},"sameAs":["http:\/\/www.facebook.com\/pages\/ROBISA\/236622023060912","https:\/\/x.com\/ROBISA","https:\/\/www.instagram.com\/robisa.es\/","https:\/\/www.linkedin.com\/company\/rodolfo-biber-s-a-robisa-","http:\/\/www.youtube.com\/user\/robisavideos"]}]}},"_links":{"self":[{"href":"https:\/\/www.robisa.es\/pt\/wp-json\/wp\/v2\/ajde_events\/30415","targetHints":{"allow":["GET"]}}],"collection":[{"href":"https:\/\/www.robisa.es\/pt\/wp-json\/wp\/v2\/ajde_events"}],"about":[{"href":"https:\/\/www.robisa.es\/pt\/wp-json\/wp\/v2\/types\/ajde_events"}],"author":[{"embeddable":true,"href":"https:\/\/www.robisa.es\/pt\/wp-json\/wp\/v2\/users\/9"}],"replies":[{"embeddable":true,"href":"https:\/\/www.robisa.es\/pt\/wp-json\/wp\/v2\/comments?post=30415"}],"wp:attachment":[{"href":"https:\/\/www.robisa.es\/pt\/wp-json\/wp\/v2\/media?parent=30415"}],"wp:term":[{"taxonomy":"post_tag","embeddable":true,"href":"https:\/\/www.robisa.es\/pt\/wp-json\/wp\/v2\/tags?post=30415"},{"taxonomy":"event_type","embeddable":true,"href":"https:\/\/www.robisa.es\/pt\/wp-json\/wp\/v2\/event_type?post=30415"},{"taxonomy":"event_type_2","embeddable":true,"href":"https:\/\/www.robisa.es\/pt\/wp-json\/wp\/v2\/event_type_2?post=30415"}],"curies":[{"name":"wp","href":"https:\/\/api.w.org\/{rel}","templated":true}]}}

Narrativa y emoción. Libertad creativa. Proyectos del XXI

<p>&#8220;<strong>Narrativa y emoción. Libertad creativa. Proyectos del XXI</strong>&#8221;</p>
<p>Analizar, aprender y producir imágenes desconociendo los aportes de conocimientos en otros campos nos deja estancados en la norma. Las redes y su inabarcable exceso de información, el exceso de producción, las escuelas que no tienen en cuenta la libertad personal, el vértigo del desarrollo tecnológico y el consumo inconexo, la necesidad de comunicación, de trascender&#8230; Todo esto me da pie a construir un paseo práctico para acertar con el desarrollo de una nueva fotografía emocional creativa de proyectos en los que se exponen las claves iniciales para ello: lenguaje, narrativa visual, emociones: como expresarlas e identificarlas, comunicación, composición, técnica y materiales. Una puerta a un nuevo período que ya se ha abierto en una nueva generación.</p>
<p><a href="https://www.casanovafoto.com/casanovafotoweek/ponentes.html#147">Eva Benitez</a> debatirá con los presentes este tema, que está en el eje de cómo adquirir un estilo personal y cómo sentir plena libertad de creación.</p>
<p>Colabora: Tamron.</p>
<p><strong>Lugar</strong>: En Casanova Foto Barcelona (Ronda Universitat 35, junto a Pl. Catalunya) y en otras localizaciones cercanas.</p>
<p>Martes, <strong>19 de noviembre</strong> de 2019, a las 10h30.</p>
<p>INSCRIPCIONES: <a href="https://www.casanovafoto.com/casanovafotoweek/tamron-eva-s-benitez.html">Narrativa y emoción. Libertad creativa. Proyectos del XXI con Eva S. Benítez</a></p>
<p>&nbsp;</p>
<p>Esta charla se imparte en el marco de la Casanova Foto Week donde además tendrás la oportunidad de ver de cerca las últimas novedades y los productos más destacados de cada marca, y de aprovechar las <strong>promociones y ofertas exclusivas</strong> que tenemos preparadas. También podrás <strong>interactuar directamente con representantes de las principales marcas del sector</strong>, a los que podrás plantear todas tus dudas y comentarios.</p>
<p>&nbsp;</p>
<p>&nbsp;</p>
<p>&nbsp;</p>

<!-- This site is optimized with the Yoast SEO plugin v27.4 - https://yoast.com/product/yoast-seo-wordpress/ -->
<title>Narrativa y emoción. Libertad creativa. Proyectos del XXI</title>
<meta name="description" content="El desarrollo de una nueva fotografía emocional creativa de proyectos en los que se exponen las claves iniciales." />
<meta name="robots" content="noindex, follow" />
<meta property="og:locale" content="pt_PT" />
<meta property="og:type" content="article" />
<meta property="og:title" content="Narrativa y emoción. Libertad creativa. Proyectos del XXI" />
<meta property="og:description" content="El desarrollo de una nueva fotografía emocional creativa de proyectos en los que se exponen las claves iniciales." />
<meta property="og:url" content="https://www.robisa.es/pt/events/casanovafw-bcn19-eva-benitez/" />
<meta property="og:site_name" content="ROBISA" />
<meta property="article:publisher" content="http://www.facebook.com/pages/ROBISA/236622023060912" />
<meta property="article:modified_time" content="2019-11-13T12:24:33+00:00" />
<meta property="og:image" content="https://www.robisa.es/wp-content/uploads/2019/11/11ju1630_EvaS_Benitez.jpg" />
	<meta property="og:image:width" content="600" />
	<meta property="og:image:height" content="600" />
	<meta property="og:image:type" content="image/jpeg" />
<meta name="twitter:card" content="summary_large_image" />
<meta name="twitter:site" content="@ROBISA" />
<meta name="twitter:label1" content="Est. reading time" />
	<meta name="twitter:data1" content="1 minute" />
<script type="application/ld+json" class="yoast-schema-graph">{"@context":"https:\/\/schema.org","@graph":[{"@type":"WebPage","@id":"https:\/\/www.robisa.es\/pt\/events\/casanovafw-bcn19-eva-benitez\/","url":"https:\/\/www.robisa.es\/pt\/events\/casanovafw-bcn19-eva-benitez\/","name":"Narrativa y emoción. Libertad creativa. Proyectos del XXI","isPartOf":{"@id":"https:\/\/www.robisa.es\/pt\/#website"},"datePublished":"2019-11-13T12:12:45+00:00","dateModified":"2019-11-13T12:24:33+00:00","description":"El desarrollo de una nueva fotografía emocional creativa de proyectos en los que se exponen las claves iniciales.","breadcrumb":{"@id":"https:\/\/www.robisa.es\/pt\/events\/casanovafw-bcn19-eva-benitez\/#breadcrumb"},"inLanguage":"pt","potentialAction":[{"@type":"ReadAction","target":["https:\/\/www.robisa.es\/pt\/events\/casanovafw-bcn19-eva-benitez\/"]}]},{"@type":"BreadcrumbList","@id":"https:\/\/www.robisa.es\/pt\/events\/casanovafw-bcn19-eva-benitez\/#breadcrumb","itemListElement":[{"@type":"ListItem","position":1,"name":"Portada","item":"https:\/\/www.robisa.es\/pt\/home\/"},{"@type":"ListItem","position":2,"name":"Events","item":"https:\/\/www.robisa.es\/pt\/events\/"},{"@type":"ListItem","position":3,"name":"Narrativa y emoción. Libertad creativa. Proyectos del XXI"}]},{"@type":"WebSite","@id":"https:\/\/www.robisa.es\/pt\/#website","url":"https:\/\/www.robisa.es\/pt\/","name":"ROBISA","description":"Los mejores productos de fotografía para profesionales y particulares con total garantía","publisher":{"@id":"https:\/\/www.robisa.es\/pt\/#organization"},"potentialAction":[{"@type":"SearchAction","target":{"@type":"EntryPoint","urlTemplate":"https:\/\/www.robisa.es\/pt\/?s={search_term_string}"},"query-input":{"@type":"PropertyValueSpecification","valueRequired":true,"valueName":"search_term_string"}}],"inLanguage":"pt"},{"@type":"Organization","@id":"https:\/\/www.robisa.es\/pt\/#organization","name":"Robisa","url":"https:\/\/www.robisa.es\/pt\/","logo":{"@type":"ImageObject","inLanguage":"pt","@id":"https:\/\/www.robisa.es\/pt\/#\/schema\/logo\/image\/","url":"https:\/\/www.robisa.es\/wp-content\/uploads\/2016\/01\/robisa-rgb_negro-NEW-02.png","contentUrl":"https:\/\/www.robisa.es\/wp-content\/uploads\/2016\/01\/robisa-rgb_negro-NEW-02.png","width":675,"height":298,"caption":"Robisa"},"image":{"@id":"https:\/\/www.robisa.es\/pt\/#\/schema\/logo\/image\/"},"sameAs":["http:\/\/www.facebook.com\/pages\/ROBISA\/236622023060912","https:\/\/x.com\/ROBISA","https:\/\/www.instagram.com\/robisa.es\/","https:\/\/www.linkedin.com\/company\/rodolfo-biber-s-a-robisa-","http:\/\/www.youtube.com\/user\/robisavideos"]}]}</script>
<!-- / Yoast SEO plugin. -->

El desarrollo de una nueva fotografía emocional creativa de proyectos en los que se exponen las claves iniciales.

Los mejores productos de fotografía para profesionales y particulares con total garantía
